Last updated on 2025-07-04 05:49:39 CEST.
Flavor | Version | Tinstall | Tcheck | Ttotal | Status | Flags |
---|---|---|---|---|---|---|
r-devel-linux-x86_64-debian-clang | 2.0-4 | 2.78 | 39.42 | 42.20 | NOTE | |
r-devel-linux-x86_64-debian-gcc | 2.0-4 | 2.06 | 28.12 | 30.18 | NOTE | |
r-devel-linux-x86_64-fedora-clang | 2.0-5 | 69.05 | OK | |||
r-devel-linux-x86_64-fedora-gcc | 2.0-5 | 65.98 | OK | |||
r-devel-windows-x86_64 | 2.0-4 | 4.00 | 67.00 | 71.00 | NOTE | |
r-patched-linux-x86_64 | 2.0-4 | 3.04 | 36.86 | 39.90 | NOTE | |
r-release-linux-x86_64 | 2.0-4 | 3.11 | 37.65 | 40.76 | NOTE | |
r-release-macos-arm64 | 2.0-4 | 23.00 | NOTE | |||
r-release-macos-x86_64 | 2.0-5 | 40.00 | OK | |||
r-release-windows-x86_64 | 2.0-5 | 5.00 | 58.00 | 63.00 | OK | |
r-oldrel-macos-arm64 | 2.0-4 | 24.00 | NOTE | |||
r-oldrel-macos-x86_64 | 2.0-5 | 57.00 | OK | |||
r-oldrel-windows-x86_64 | 2.0-5 | 7.00 | 63.00 | 70.00 | OK |
Version: 2.0-4
Check: CRAN incoming feasibility
Result: NOTE
Maintainer: ‘Kim Nimon <kim.nimon@gmail.com>’
No Authors@R field in DESCRIPTION.
Please add one, modifying
Authors@R: c(person(given = "Kim",
family = "Nimon",
role = c("aut", "cre"),
email = "kim.nimon@gmail.com"),
person(given = "Fred",
family = "Oswald",
role = "aut"),
person(given = c("J.", "Kyle"),
family = "Roberts.",
role = "aut"))
as necessary.
Flavors: r-devel-linux-x86_64-debian-clang, r-devel-linux-x86_64-debian-gcc
Version: 2.0-4
Check: Rd files
Result: NOTE
checkRd: (-1) boot.yhat.Rd:3: Lost braces
3 | \title{Bootstrap metrics produced from /code{calc.yhat}}
| ^
checkRd: (-1) boot.yhat.Rd:19: Lost braces
19 | Ouput of /code{lm}
| ^
checkRd: (-1) boot.yhat.Rd:22: Lost braces
22 | Output of /code{calc.yhat}
| ^
checkRd: (-1) booteval.yhat.rd:3: Lost braces
3 | \title{Evaluate bootstrap metrics produced from /code{calc.yhat}}
| ^
checkRd: (-1) booteval.yhat.rd:5: Lost braces
5 | This function evaluates the bootstrap metrics produced from /code{boot.yhat}.
| ^
checkRd: (-1) combCI.rd:26: Lost braces
26 | This function evaluates the bootstrap metrics produced from /code{boot.yhat}.
| ^
checkRd: (-1) commonality.rd:12: Lost braces
12 | Output from /code{aps}
| ^
checkRd: (-1) dombin.rd:12: Lost braces
12 | Output from /code{dominance}
| ^
checkRd: (-1) dominance.rd:12: Lost braces
12 | Output from /code{aps}
| ^
checkRd: (-1) plotCI.yhat.rd:5: Lost braces
5 | This function plots CIs that have been produced from /code{booteval.yhat}.
| ^
checkRd: (-1) plotCI.yhat.rd:32: Lost braces
32 | This function plots CIs that have been produced from /code{booteval.yhat}.
| ^
checkRd: (-1) plotCI.yhat.rd:35: Lost braces
35 | This returns a plot of CIs that have been produced from /code{booteval.yhat}.
| ^
Flavors: r-devel-linux-x86_64-debian-clang, r-devel-linux-x86_64-debian-gcc, r-devel-windows-x86_64, r-patched-linux-x86_64, r-release-linux-x86_64, r-release-macos-arm64, r-oldrel-macos-arm64
Version: 2.0-4
Check: Rd cross-references
Result: NOTE
Found the following Rd file(s) with Rd \link{} targets missing package
anchors:
boot.yhat.Rd: boot
booteval.yhat.rd: boot
plotCI.yhat.rd: boot
Please provide package anchors for all Rd \link{} targets not in the
package itself and the base packages.
Flavors: r-devel-linux-x86_64-debian-clang, r-devel-linux-x86_64-debian-gcc, r-devel-windows-x86_64, r-patched-linux-x86_64, r-release-linux-x86_64