Last updated on 2024-05-02 04:00:41 CEST.
Flavor | Version | Tinstall | Tcheck | Ttotal | Status | Flags |
---|---|---|---|---|---|---|
r-devel-linux-x86_64-debian-clang | 0.1.7 | 125.70 | 60.44 | 186.14 | NOTE | |
r-devel-linux-x86_64-debian-gcc | 0.1.7 | 103.72 | 52.45 | 156.17 | NOTE | |
r-devel-linux-x86_64-fedora-clang | 0.1.7 | 229.40 | NOTE | |||
r-devel-linux-x86_64-fedora-gcc | 0.1.7 | 274.36 | NOTE | |||
r-devel-windows-x86_64 | 0.1.7 | 82.00 | 94.00 | 176.00 | NOTE | |
r-patched-linux-x86_64 | 0.1.7 | 134.00 | 65.83 | 199.83 | NOTE | |
r-release-linux-x86_64 | 0.1.7 | 134.96 | 66.40 | 201.36 | NOTE | |
r-release-macos-arm64 | 0.1.7 | 65.00 | NOTE | |||
r-release-windows-x86_64 | 0.1.7 | 86.00 | 93.00 | 179.00 | NOTE | |
r-oldrel-macos-arm64 | 0.1.7 | 78.00 | NOTE | |||
r-oldrel-macos-x86_64 | 0.1.7 | 128.00 | NOTE | |||
r-oldrel-windows-x86_64 | 0.1.7 | 103.00 | 111.00 | 214.00 | NOTE |
Version: 0.1.7
Check: C++ specification
Result: NOTE
Specified C++11: please drop specification unless essential
Flavors: r-devel-linux-x86_64-debian-clang, r-devel-linux-x86_64-debian-gcc, r-devel-linux-x86_64-fedora-clang, r-devel-linux-x86_64-fedora-gcc, r-devel-windows-x86_64, r-patched-linux-x86_64, r-release-linux-x86_64, r-release-macos-arm64, r-release-windows-x86_64, r-oldrel-macos-arm64, r-oldrel-macos-x86_64, r-oldrel-windows-x86_64
Version: 0.1.7
Check: installed package size
Result: NOTE
installed size is 25.0Mb
sub-directories of 1Mb or more:
libs 24.5Mb
Flavors: r-release-macos-arm64, r-oldrel-macos-arm64, r-oldrel-macos-x86_64