Last updated on 2025-05-16 05:49:24 CEST.
Flavor | Version | Tinstall | Tcheck | Ttotal | Status | Flags |
---|---|---|---|---|---|---|
r-devel-linux-x86_64-debian-clang | 1.7.10.1 | 487.30 | 311.31 | 798.61 | OK | |
r-devel-linux-x86_64-debian-gcc | 1.7.11.1 | 420.46 | 190.53 | 610.99 | OK | |
r-devel-linux-x86_64-fedora-clang | 1.7.11.1 | 1462.55 | OK | |||
r-devel-linux-x86_64-fedora-gcc | 1.7.11.1 | 1809.99 | OK | |||
r-devel-windows-x86_64 | 1.7.10.1 | 604.00 | 290.00 | 894.00 | OK | |
r-patched-linux-x86_64 | 1.7.10.1 | 573.86 | 287.48 | 861.34 | OK | |
r-release-linux-x86_64 | 1.7.10.1 | 569.46 | 295.06 | 864.52 | OK | |
r-release-macos-arm64 | 1.7.11.1 | 342.00 | OK | |||
r-release-macos-x86_64 | 429.00 | OK | ||||
r-release-windows-x86_64 | 1.7.11.1 | 439.00 | 280.00 | 719.00 | OK | |
r-oldrel-macos-arm64 | 1.7.11.1 | 334.00 | NOTE | |||
r-oldrel-macos-x86_64 | 1.7.11.1 | 455.00 | NOTE | |||
r-oldrel-windows-x86_64 | 1.7.10.1 | 710.00 | 407.00 | 1117.00 | NOTE |
Version: 1.7.11.1
Check: installed package size
Result: NOTE
installed size is 54.1Mb
sub-directories of 1Mb or more:
libs 53.2Mb
Flavors: r-oldrel-macos-arm64, r-oldrel-macos-x86_64
Version: 1.7.11.1
Check: for GNU extensions in Makefiles
Result: NOTE
GNU make is a SystemRequirements.
Flavor: r-oldrel-macos-arm64
Version: 1.7.11.1
Check: contents of ‘data’ directory
Result: NOTE
Output for data("agaricus.test", package = "xgboost"):
Fatal error: cannot create 'R_TempDir'
Flavor: r-oldrel-macos-x86_64
Version: 1.7.10.1
Check: installed package size
Result: NOTE
installed size is 5.5Mb
sub-directories of 1Mb or more:
libs 4.6Mb
Flavor: r-oldrel-windows-x86_64
Version: 1.7.10.1
Check: for GNU extensions in Makefiles
Result: NOTE
GNU make is a SystemRequirements.
Flavor: r-oldrel-windows-x86_64