Last updated on 2024-05-02 04:00:41 CEST.
Flavor | Version | Tinstall | Tcheck | Ttotal | Status | Flags |
---|---|---|---|---|---|---|
r-devel-linux-x86_64-debian-clang | 0.0-4.2 | 1.98 | 19.38 | 21.36 | NOTE | |
r-devel-linux-x86_64-debian-gcc | 0.0-4.2 | 1.34 | 15.28 | 16.62 | NOTE | |
r-devel-linux-x86_64-fedora-clang | 0.0-4.2 | 27.43 | NOTE | |||
r-devel-linux-x86_64-fedora-gcc | 0.0-4.2 | 25.62 | NOTE | |||
r-devel-windows-x86_64 | 0.0-4.2 | 2.00 | 33.00 | 35.00 | NOTE | |
r-patched-linux-x86_64 | 0.0-4.2 | 1.73 | 19.11 | 20.84 | NOTE | |
r-release-linux-x86_64 | 0.0-4.2 | 1.69 | 18.60 | 20.29 | NOTE | |
r-release-macos-arm64 | 0.0-4.2 | 13.00 | NOTE | |||
r-release-windows-x86_64 | 0.0-4.2 | 2.00 | 33.00 | 35.00 | NOTE | |
r-oldrel-macos-arm64 | 0.0-4.2 | 16.00 | NOTE | |||
r-oldrel-macos-x86_64 | 0.0-4.2 | 17.00 | NOTE | |||
r-oldrel-windows-x86_64 | 0.0-4.2 | 2.00 | 32.00 | 34.00 | NOTE |
Version: 0.0-4.2
Check: DESCRIPTION meta-information
Result: NOTE
Malformed Title field: should not end in a period.
Flavors: r-devel-linux-x86_64-debian-clang, r-devel-linux-x86_64-debian-gcc, r-devel-linux-x86_64-fedora-clang, r-devel-linux-x86_64-fedora-gcc, r-devel-windows-x86_64, r-patched-linux-x86_64, r-release-linux-x86_64, r-release-macos-arm64, r-release-windows-x86_64, r-oldrel-macos-arm64, r-oldrel-macos-x86_64, r-oldrel-windows-x86_64