CRAN Package Check Results for Package wnominate

Last updated on 2025-07-27 05:48:48 CEST.

Flavor Version Tinstall Tcheck Ttotal Status Flags
r-devel-linux-x86_64-debian-clang 1.5 8.55 38.84 47.39 NOTE
r-devel-linux-x86_64-debian-gcc 1.5 5.70 39.06 44.76 NOTE
r-devel-linux-x86_64-fedora-clang 1.5 75.71 OK
r-devel-linux-x86_64-fedora-gcc 1.5 132.22 OK
r-devel-windows-x86_64 1.5 13.00 151.00 164.00 OK
r-patched-linux-x86_64 1.5 6.98 53.56 60.54 OK
r-release-linux-x86_64 1.5 6.60 52.58 59.18 OK
r-release-macos-arm64 1.5 56.00 OK
r-release-macos-x86_64 1.5 107.00 OK
r-release-windows-x86_64 1.5 11.00 138.00 149.00 OK
r-oldrel-macos-arm64 1.5 53.00 OK
r-oldrel-macos-x86_64 1.5 157.00 OK
r-oldrel-windows-x86_64 1.5 12.00 164.00 176.00 OK

Check Details

Version: 1.5
Check: CRAN incoming feasibility
Result: NOTE Maintainer: ‘Jeffrey B. Lewis <jblewis@ucla.edu>’ No Authors@R field in DESCRIPTION. Please add one, modifying Authors@R: c(person(given = "Keith", family = "Poole", role = "aut", email = "ktpoole@uga.edu"), person(given = "Jeffrey", family = "Lewis", role = "aut", email = "jblewis@ucla.edu"), person(given = "James", family = "Lo", role = "aut", email = "lojames@usc.edu"), person(given = "Royce", family = "Carroll", role = "aut", email = "rcarroll@rice.edu"), person(given = c("Jeffrey", "B."), family = "Lewis", role = "cre", email = "jblewis@ucla.edu")) as necessary. Flavors: r-devel-linux-x86_64-debian-clang, r-devel-linux-x86_64-debian-gcc