CRAN Package Check Results for Package wiqid

Last updated on 2025-07-04 05:49:39 CEST.

Flavor Version Tinstall Tcheck Ttotal Status Flags
r-devel-linux-x86_64-debian-clang 0.3.3 9.61 88.57 98.18 NOTE
r-devel-linux-x86_64-debian-gcc 0.3.3 6.06 58.65 64.71 NOTE
r-devel-linux-x86_64-fedora-clang 0.3.3 151.12 OK
r-devel-linux-x86_64-fedora-gcc 0.3.3 147.35 OK
r-devel-windows-x86_64 0.3.3 10.00 105.00 115.00 NOTE
r-patched-linux-x86_64 0.3.3 10.72 81.95 92.67 NOTE
r-release-linux-x86_64 0.3.3 7.66 82.95 90.61 NOTE
r-release-macos-arm64 0.3.3 42.00 OK
r-release-macos-x86_64 0.3.3 99.00 OK
r-release-windows-x86_64 0.3.3 10.00 105.00 115.00 NOTE
r-oldrel-macos-arm64 0.3.3 40.00 OK
r-oldrel-macos-x86_64 0.3.3 73.00 OK
r-oldrel-windows-x86_64 0.3.3 14.00 128.00 142.00 OK

Check Details

Version: 0.3.3
Check: Rd cross-references
Result: NOTE Found the following Rd file(s) with Rd \link{} targets missing package anchors: plotComb.Rd: hdi plot_Bwiqid.Rd: postPlot Please provide package anchors for all Rd \link{} targets not in the package itself and the base packages. Flavors: r-devel-linux-x86_64-debian-clang, r-devel-linux-x86_64-debian-gcc, r-devel-windows-x86_64, r-patched-linux-x86_64, r-release-linux-x86_64, r-release-windows-x86_64