Last updated on 2024-05-01 03:53:55 CEST.
Flavor | Version | Tinstall | Tcheck | Ttotal | Status | Flags |
---|---|---|---|---|---|---|
r-devel-linux-x86_64-debian-clang | 0.1.2 | 1.96 | 31.05 | 33.01 | OK | |
r-devel-linux-x86_64-debian-gcc | 0.1.2 | 1.30 | 24.11 | 25.41 | OK | |
r-devel-linux-x86_64-fedora-clang | 0.1.2 | 43.13 | NOTE | |||
r-devel-linux-x86_64-fedora-gcc | 0.1.2 | 52.74 | NOTE | |||
r-devel-windows-x86_64 | 0.1.2 | 2.00 | 45.00 | 47.00 | OK | |
r-patched-linux-x86_64 | 0.1.2 | 2.01 | 30.55 | 32.56 | OK | |
r-release-linux-x86_64 | 0.1.2 | 1.78 | 29.80 | 31.58 | OK | |
r-release-macos-arm64 | 0.1.2 | 25.00 | OK | |||
r-release-windows-x86_64 | 0.1.2 | 3.00 | 46.00 | 49.00 | OK | |
r-oldrel-macos-arm64 | 0.1.2 | 22.00 | OK | |||
r-oldrel-macos-x86_64 | 0.1.2 | 34.00 | OK | |||
r-oldrel-windows-x86_64 | 0.1.2 | 3.00 | 45.00 | 48.00 | OK |
Version: 0.1.2
Check: data for non-ASCII characters
Result: NOTE
Note: found 1 marked UTF-8 string
Flavors: r-devel-linux-x86_64-fedora-clang, r-devel-linux-x86_64-fedora-gcc