Last updated on 2024-04-27 03:56:32 CEST.
Flavor | Version | Tinstall | Tcheck | Ttotal | Status | Flags |
---|---|---|---|---|---|---|
r-devel-linux-x86_64-debian-clang | 1.4.1 | 90.73 | 41.11 | 131.84 | NOTE | |
r-devel-linux-x86_64-debian-gcc | 1.4.1 | 72.20 | 30.53 | 102.73 | NOTE | |
r-devel-linux-x86_64-fedora-clang | 1.4.1 | 179.64 | NOTE | |||
r-devel-linux-x86_64-fedora-gcc | 1.4.1 | 196.00 | NOTE | |||
r-devel-windows-x86_64 | 1.4.1 | 145.00 | 134.00 | 279.00 | NOTE | |
r-patched-linux-x86_64 | 1.4.1 | 82.51 | 37.83 | 120.34 | NOTE | |
r-release-linux-x86_64 | 1.4.1 | 90.34 | 36.22 | 126.56 | NOTE | |
r-release-macos-arm64 | 1.4.1 | 63.00 | NOTE | |||
r-release-windows-x86_64 | 1.4.1 | 133.00 | 130.00 | 263.00 | NOTE | |
r-oldrel-macos-arm64 | 1.4.1 | 72.00 | NOTE | |||
r-oldrel-macos-x86_64 | 1.4.1 | 108.00 | NOTE | |||
r-oldrel-windows-x86_64 | 1.4.1 | 172.00 | 166.00 | 338.00 | NOTE |
Version: 1.4.1
Check: C++ specification
Result: NOTE
Specified C++11: please drop specification unless essential
Flavors: r-devel-linux-x86_64-debian-clang, r-devel-linux-x86_64-debian-gcc, r-devel-linux-x86_64-fedora-clang, r-devel-linux-x86_64-fedora-gcc, r-devel-windows-x86_64, r-patched-linux-x86_64, r-release-linux-x86_64, r-release-macos-arm64, r-release-windows-x86_64, r-oldrel-macos-arm64, r-oldrel-macos-x86_64, r-oldrel-windows-x86_64
Version: 1.4.1
Check: for GNU extensions in Makefiles
Result: NOTE
GNU make is a SystemRequirements.
Flavors: r-devel-linux-x86_64-debian-clang, r-devel-linux-x86_64-debian-gcc, r-devel-linux-x86_64-fedora-clang, r-devel-linux-x86_64-fedora-gcc, r-devel-windows-x86_64, r-patched-linux-x86_64, r-release-linux-x86_64, r-release-macos-arm64, r-release-windows-x86_64, r-oldrel-macos-arm64, r-oldrel-macos-x86_64, r-oldrel-windows-x86_64
Version: 1.4.1
Check: compiled code
Result: NOTE
File ‘websocket/libs/websocket.so’:
Found non-API calls to R: ‘SETLENGTH’, ‘SET_TRUELENGTH’
Compiled code should not call non-API entry points in R.
See ‘Writing portable packages’ in the ‘Writing R Extensions’ manual.
Flavors: r-devel-linux-x86_64-debian-clang, r-devel-linux-x86_64-debian-gcc, r-devel-linux-x86_64-fedora-clang, r-devel-linux-x86_64-fedora-gcc
Version: 1.4.1
Check: installed package size
Result: NOTE
installed size is 7.1Mb
sub-directories of 1Mb or more:
libs 7.0Mb
Flavors: r-devel-windows-x86_64, r-release-macos-arm64, r-release-windows-x86_64, r-oldrel-macos-arm64, r-oldrel-macos-x86_64, r-oldrel-windows-x86_64
Version: 1.4.1
Check: compiled code
Result: NOTE
File 'websocket/libs/x64/websocket.dll':
Found non-API calls to R: 'SETLENGTH', 'SET_TRUELENGTH'
Compiled code should not call non-API entry points in R.
See 'Writing portable packages' in the 'Writing R Extensions' manual.
Flavor: r-devel-windows-x86_64