Last updated on 2024-05-01 03:53:55 CEST.
Flavor | Version | Tinstall | Tcheck | Ttotal | Status | Flags |
---|---|---|---|---|---|---|
r-devel-linux-x86_64-debian-clang | 1.0 | 3.61 | 47.85 | 51.46 | OK | |
r-devel-linux-x86_64-debian-gcc | 1.0 | 4.04 | 35.79 | 39.83 | OK | |
r-devel-linux-x86_64-fedora-clang | 1.0 | 66.78 | NOTE | |||
r-devel-linux-x86_64-fedora-gcc | 1.0 | 75.20 | NOTE | |||
r-devel-windows-x86_64 | 1.0 | 6.00 | 56.00 | 62.00 | OK | |
r-patched-linux-x86_64 | 1.0 | 3.11 | 44.44 | 47.55 | OK | |
r-release-linux-x86_64 | 1.0 | 3.01 | 45.05 | 48.06 | OK | |
r-release-macos-arm64 | 1.0 | 27.00 | OK | |||
r-release-windows-x86_64 | 1.0 | 6.00 | 56.00 | 62.00 | OK | |
r-oldrel-macos-arm64 | 1.0 | 27.00 | OK | |||
r-oldrel-macos-x86_64 | 1.0 | 55.00 | OK | |||
r-oldrel-windows-x86_64 | 1.0 | 8.00 | 58.00 | 66.00 | OK |
Version: 1.0
Check: dependencies in R code
Result: NOTE
Namespace in Imports field not imported from: ‘survival’
All declared Imports should be used.
Flavors: r-devel-linux-x86_64-fedora-clang, r-devel-linux-x86_64-fedora-gcc