Last updated on 2025-07-04 05:49:39 CEST.
Flavor | Version | Tinstall | Tcheck | Ttotal | Status | Flags |
---|---|---|---|---|---|---|
r-devel-linux-x86_64-debian-clang | 1.8.5 | 10.88 | 61.67 | 72.55 | NOTE | |
r-devel-linux-x86_64-debian-gcc | 1.8.5 | 6.29 | 44.96 | 51.25 | NOTE | |
r-devel-linux-x86_64-fedora-clang | 1.8.5 | 110.42 | OK | |||
r-devel-linux-x86_64-fedora-gcc | 1.8.5 | 106.51 | OK | |||
r-devel-windows-x86_64 | 1.8.5 | 16.00 | 88.00 | 104.00 | OK | |
r-patched-linux-x86_64 | 1.8.5 | 11.84 | 58.95 | 70.79 | OK | |
r-release-linux-x86_64 | 1.8.5 | 10.01 | 58.54 | 68.55 | OK | |
r-release-macos-arm64 | 1.8.5 | 47.00 | OK | |||
r-release-macos-x86_64 | 1.8.5 | 66.00 | OK | |||
r-release-windows-x86_64 | 1.8.5 | 17.00 | 92.00 | 109.00 | OK | |
r-oldrel-macos-arm64 | 1.8.5 | 34.00 | OK | |||
r-oldrel-macos-x86_64 | 1.8.5 | 71.00 | OK | |||
r-oldrel-windows-x86_64 | 1.8.5 | 19.00 | 102.00 | 121.00 | OK |
Version: 1.8.5
Check: CRAN incoming feasibility
Result: NOTE
Maintainer: ‘Brandon Whitcher <bwhitcher@gmail.com>’
No Authors@R field in DESCRIPTION.
Please add one, modifying
Authors@R: person(given = "Brandon",
family = "Whitcher",
role = c("aut", "cre"),
email = "bwhitcher@gmail.com")
as necessary.
Flavors: r-devel-linux-x86_64-debian-clang, r-devel-linux-x86_64-debian-gcc