Last updated on 2025-06-24 05:50:16 CEST.
Flavor | Version | Tinstall | Tcheck | Ttotal | Status | Flags |
---|---|---|---|---|---|---|
r-devel-linux-x86_64-debian-clang | 1.0.10 | 522.43 | 242.09 | 764.52 | OK | |
r-devel-linux-x86_64-debian-gcc | 1.0.10 | 510.08 | 213.00 | 723.08 | OK | |
r-devel-linux-x86_64-fedora-clang | 1.0.10 | 1175.97 | OK | |||
r-devel-linux-x86_64-fedora-gcc | 1.0.10 | 1550.84 | OK | |||
r-devel-windows-x86_64 | 1.0.10 | 586.00 | 294.00 | 880.00 | OK | |
r-patched-linux-x86_64 | 1.0.10 | 626.51 | 286.04 | 912.55 | OK | |
r-release-linux-x86_64 | 1.0.10 | 629.29 | 290.60 | 919.89 | OK | |
r-release-macos-arm64 | 1.0.10 | 304.00 | OK | |||
r-release-macos-x86_64 | 1.0.10 | 373.00 | OK | |||
r-release-windows-x86_64 | 1.0.10 | 556.00 | 299.00 | 855.00 | OK | |
r-oldrel-macos-arm64 | 1.0.10 | 167.00 | NOTE | |||
r-oldrel-macos-x86_64 | 1.0.10 | 190.00 | NOTE | |||
r-oldrel-windows-x86_64 | 1.0.10 | 652.00 | 398.00 | 1050.00 | NOTE |
Version: 1.0.10
Check: installed package size
Result: NOTE
installed size is 115.6Mb
sub-directories of 1Mb or more:
libs 114.2Mb
Flavors: r-oldrel-macos-arm64, r-oldrel-macos-x86_64, r-oldrel-windows-x86_64
Version: 1.0.10
Check: for GNU extensions in Makefiles
Result: NOTE
GNU make is a SystemRequirements.
Flavors: r-oldrel-macos-arm64, r-oldrel-macos-x86_64