Last updated on 2025-02-06 05:49:25 CET.
Flavor | Version | Tinstall | Tcheck | Ttotal | Status | Flags |
---|---|---|---|---|---|---|
r-devel-linux-x86_64-debian-clang | 0.2.8 | 2.22 | 30.38 | 32.60 | OK | |
r-devel-linux-x86_64-debian-gcc | 0.2.8 | 1.82 | 24.67 | 26.49 | OK | |
r-devel-linux-x86_64-fedora-clang | 0.2.8 | 52.94 | NOTE | |||
r-devel-linux-x86_64-fedora-gcc | 0.2.8 | 55.67 | NOTE | |||
r-devel-windows-x86_64 | 0.2.8 | 4.00 | 62.00 | 66.00 | OK | |
r-patched-linux-x86_64 | 0.2.8 | 2.39 | 30.85 | 33.24 | OK | |
r-release-linux-x86_64 | 0.2.8 | 2.37 | 30.95 | 33.32 | OK | |
r-release-macos-arm64 | 0.2.8 | 25.00 | OK | |||
r-release-macos-x86_64 | 0.2.8 | 39.00 | OK | |||
r-release-windows-x86_64 | 0.2.8 | 4.00 | 60.00 | 64.00 | OK | |
r-oldrel-macos-arm64 | 0.2.8 | 23.00 | OK | |||
r-oldrel-macos-x86_64 | 0.2.8 | 39.00 | OK | |||
r-oldrel-windows-x86_64 | 0.2.8 | 3.00 | 62.00 | 65.00 | OK |
Version: 0.2.8
Check: dependencies in R code
Result: NOTE
Namespace in Imports field not imported from: ‘MASS’
All declared Imports should be used.
Flavors: r-devel-linux-x86_64-fedora-clang, r-devel-linux-x86_64-fedora-gcc