Last updated on 2025-05-09 04:52:13 CEST.
Flavor | Version | Tinstall | Tcheck | Ttotal | Status | Flags |
---|---|---|---|---|---|---|
r-devel-linux-x86_64-debian-clang | 0.4.1 | 3.41 | 55.51 | 58.92 | NOTE | |
r-devel-linux-x86_64-debian-gcc | 0.4.1 | 2.23 | 40.02 | 42.25 | NOTE | |
r-devel-linux-x86_64-fedora-clang | 0.4.1 | 94.64 | OK | |||
r-devel-linux-x86_64-fedora-gcc | 0.4.1 | 234.99 | OK | |||
r-devel-windows-x86_64 | 0.4.1 | 6.00 | 70.00 | 76.00 | OK | |
r-patched-linux-x86_64 | 0.4.1 | 3.47 | 50.48 | 53.95 | OK | |
r-release-linux-x86_64 | 0.4.1 | 3.32 | 50.03 | 53.35 | OK | |
r-release-macos-arm64 | 0.4.1 | 70.00 | OK | |||
r-release-macos-x86_64 | 0.4.1 | 126.00 | OK | |||
r-release-windows-x86_64 | 0.4.1 | 6.00 | 73.00 | 79.00 | OK | |
r-oldrel-macos-arm64 | 0.4.1 | 53.00 | OK | |||
r-oldrel-macos-x86_64 | 0.4.1 | 103.00 | OK | |||
r-oldrel-windows-x86_64 | 0.4.1 | 7.00 | 85.00 | 92.00 | OK |
Version: 0.4.1
Check: CRAN incoming feasibility
Result: NOTE
Maintainer: ‘Brandon M. Greenwell <greenwell.brandon@gmail.com>’
The Description field contains
described in Greenwell et al. (2018) <arXiv:1805.04755>. A
Please refer to arXiv e-prints via their arXiv DOI <doi:10.48550/arXiv.YYMM.NNNNN>.
Flavors: r-devel-linux-x86_64-debian-clang, r-devel-linux-x86_64-debian-gcc