Last updated on 2024-05-02 04:00:40 CEST.
Flavor | Version | Tinstall | Tcheck | Ttotal | Status | Flags |
---|---|---|---|---|---|---|
r-devel-linux-x86_64-debian-clang | 0.2.0 | 7.88 | 81.62 | 89.50 | NOTE | |
r-devel-linux-x86_64-debian-gcc | 0.2.0 | 5.62 | 59.89 | 65.51 | NOTE | |
r-devel-linux-x86_64-fedora-clang | 0.2.0 | 110.04 | NOTE | |||
r-devel-linux-x86_64-fedora-gcc | 0.2.0 | 104.00 | NOTE | |||
r-devel-windows-x86_64 | 0.2.0 | 7.00 | 84.00 | 91.00 | NOTE | |
r-patched-linux-x86_64 | 0.2.0 | 9.21 | 78.97 | 88.18 | NOTE | |
r-release-linux-x86_64 | 0.2.0 | 7.22 | 76.73 | 83.95 | NOTE | |
r-release-macos-arm64 | 0.2.0 | 75.00 | NOTE | |||
r-release-windows-x86_64 | 0.2.0 | 7.00 | 83.00 | 90.00 | NOTE | |
r-oldrel-macos-arm64 | 0.2.0 | 83.00 | OK | |||
r-oldrel-macos-x86_64 | 0.2.0 | 318.00 | OK | |||
r-oldrel-windows-x86_64 | 0.2.0 | 9.00 | 99.00 | 108.00 | OK |
Version: 0.2.0
Check: Rd files
Result: NOTE
checkRd: (-1) VirtualArray-single-bracket-method.Rd:6: Lost braces
6 | \title{Indexing to extract subsets of a 'code{\link[via:XArray-class]{VirtualArray}}'-class object}
| ^
checkRd: (-1) subset.Rd:20: Lost braces
20 | \item{drop}{\code{logical} in case the result of subsetting is a single element, should the \\code{\link[via:XArray-class]{VirtualArray}} wrapper be dropped?}
| ^
Flavors: r-devel-linux-x86_64-debian-clang, r-devel-linux-x86_64-debian-gcc, r-devel-linux-x86_64-fedora-clang, r-devel-linux-x86_64-fedora-gcc, r-devel-windows-x86_64, r-patched-linux-x86_64, r-release-linux-x86_64, r-release-macos-arm64, r-release-windows-x86_64