CRAN Package Check Results for Package vaxpmx

Last updated on 2025-04-14 05:51:00 CEST.

Flavor Version Tinstall Tcheck Ttotal Status Flags
r-devel-linux-x86_64-debian-clang 0.0.6 3.70 49.58 53.28 OK
r-devel-linux-x86_64-debian-gcc 0.0.6 2.76 33.48 36.24 OK
r-devel-linux-x86_64-fedora-clang 0.0.6 92.81 NOTE
r-devel-linux-x86_64-fedora-gcc 0.0.6 81.37 NOTE
r-devel-macos-arm64 0.0.6 26.00 OK
r-devel-macos-x86_64 0.0.6 49.00 OK
r-devel-windows-x86_64 0.0.6 6.00 63.00 69.00 OK
r-patched-linux-x86_64 0.0.6 3.74 46.62 50.36 OK
r-release-linux-x86_64 0.0.6 3.39 47.22 50.61 OK
r-release-macos-arm64 0.0.6 30.00 OK
r-release-macos-x86_64 0.0.6 48.00 OK
r-release-windows-x86_64 0.0.6 7.00 77.00 84.00 OK
r-oldrel-macos-arm64 0.0.6 OK
r-oldrel-macos-x86_64 0.0.6 57.00 OK
r-oldrel-windows-x86_64 0.0.6 6.00 76.00 82.00 OK

Check Details

Version: 0.0.6
Check: dependencies in R code
Result: NOTE Namespaces in Imports field not imported from: ‘methods’ ‘survival’ All declared Imports should be used. Flavors: r-devel-linux-x86_64-fedora-clang, r-devel-linux-x86_64-fedora-gcc