Last updated on 2025-02-20 04:51:33 CET.
Flavor | Version | Tinstall | Tcheck | Ttotal | Status | Flags |
---|---|---|---|---|---|---|
r-devel-linux-x86_64-debian-clang | 1.0 | 10.95 | 23.50 | 34.45 | NOTE | |
r-devel-linux-x86_64-debian-gcc | 1.0 | 8.95 | 18.65 | 27.60 | NOTE | |
r-devel-linux-x86_64-fedora-clang | 1.0 | 66.87 | NOTE | |||
r-devel-linux-x86_64-fedora-gcc | 1.0 | 57.97 | NOTE | |||
r-devel-macos-arm64 | 1.0 | 19.00 | NOTE | |||
r-devel-macos-x86_64 | 1.0 | 39.00 | NOTE | |||
r-devel-windows-x86_64 | 1.0 | 13.00 | 72.00 | 85.00 | NOTE | |
r-patched-linux-x86_64 | 1.0 | 11.48 | 22.07 | 33.55 | NOTE | |
r-release-linux-x86_64 | 1.0 | 10.74 | 22.11 | 32.85 | NOTE | |
r-release-macos-arm64 | 1.0 | 23.00 | NOTE | |||
r-release-macos-x86_64 | 1.0 | 33.00 | NOTE | |||
r-release-windows-x86_64 | 1.0 | 13.00 | 74.00 | 87.00 | NOTE | |
r-oldrel-macos-arm64 | 1.0 | 25.00 | NOTE | |||
r-oldrel-macos-x86_64 | 1.0 | 37.00 | NOTE | |||
r-oldrel-windows-x86_64 | 1.0 | 15.00 | 74.00 | 89.00 | NOTE |
Version: 1.0
Check: C++ specification
Result: NOTE
Specified C++11: please drop specification unless essential
Flavors: r-devel-linux-x86_64-debian-clang, r-devel-linux-x86_64-debian-gcc, r-devel-linux-x86_64-fedora-clang, r-devel-linux-x86_64-fedora-gcc, r-devel-macos-arm64, r-devel-macos-x86_64, r-devel-windows-x86_64, r-patched-linux-x86_64, r-release-linux-x86_64, r-release-macos-arm64, r-release-macos-x86_64, r-release-windows-x86_64, r-oldrel-macos-arm64, r-oldrel-macos-x86_64, r-oldrel-windows-x86_64