Last updated on 2025-02-07 05:50:56 CET.
Flavor | Version | Tinstall | Tcheck | Ttotal | Status | Flags |
---|---|---|---|---|---|---|
r-devel-linux-x86_64-debian-clang | 2.4.2 | 7.16 | 65.26 | 72.42 | NOTE | |
r-devel-linux-x86_64-debian-gcc | 2.4.2 | 4.85 | 43.95 | 48.80 | NOTE | |
r-devel-linux-x86_64-fedora-clang | 2.4.2 | 116.95 | OK | |||
r-devel-linux-x86_64-fedora-gcc | 2.4.2 | 112.03 | OK | |||
r-devel-windows-x86_64 | 2.4.2 | 8.00 | 98.00 | 106.00 | NOTE | |
r-patched-linux-x86_64 | 2.4.2 | 8.82 | 62.93 | 71.75 | OK | |
r-release-linux-x86_64 | 2.4.2 | 5.83 | 61.46 | 67.29 | OK | |
r-release-macos-arm64 | 2.4.2 | 33.00 | OK | |||
r-release-macos-x86_64 | 2.4.2 | 52.00 | OK | |||
r-release-windows-x86_64 | 2.4.2 | 8.00 | 97.00 | 105.00 | OK | |
r-oldrel-macos-arm64 | 2.4.2 | 41.00 | OK | |||
r-oldrel-macos-x86_64 | 2.4.2 | 96.00 | OK | |||
r-oldrel-windows-x86_64 | 2.4.2 | 9.00 | 99.00 | 108.00 | OK |
Version: 2.4.2
Check: Rd cross-references
Result: NOTE
Found the following Rd file(s) with Rd \link{} targets missing package
anchors:
coef.mtvgarch.Rd: zoo, garchx
coef.tvgarch.Rd: zoo
coef.tvgarchTest.Rd: zoo
mtvgarch.Rd: zoo, garchx
mtvgarchSim.Rd: zoo, garchx
tvgarch.Rd: zoo, garchx
tvgarchObj.Rd: zoo
tvgarchSim.Rd: zoo, garchx
tvgarchTest.Rd: zoo, garchx
Please provide package anchors for all Rd \link{} targets not in the
package itself and the base packages.
Flavors: r-devel-linux-x86_64-debian-clang, r-devel-linux-x86_64-debian-gcc, r-devel-windows-x86_64