CRAN Package Check Results for Package trending

Last updated on 2024-07-18 03:56:49 CEST.

Flavor Version Tinstall Tcheck Ttotal Status Flags
r-devel-linux-x86_64-debian-clang 0.1.0 14.28 150.98 165.26 OK
r-devel-linux-x86_64-debian-gcc 0.1.0 9.94 109.44 119.38 OK
r-devel-linux-x86_64-fedora-clang 0.1.0 201.61 OK
r-devel-linux-x86_64-fedora-gcc 0.1.0 213.10 OK
r-devel-windows-x86_64 0.1.0 12.00 120.00 132.00 OK
r-patched-linux-x86_64 0.1.0 10.86 141.43 152.29 OK
r-release-linux-x86_64 0.1.0 11.75 142.93 154.68 OK
r-release-macos-arm64 0.1.0 61.00 OK
r-release-macos-x86_64 0.1.0 86.00 OK
r-release-windows-x86_64 0.1.0 11.00 123.00 134.00 OK
r-oldrel-macos-arm64 0.1.0 65.00 OK
r-oldrel-macos-x86_64 0.1.0 105.00 NOTE
r-oldrel-windows-x86_64 0.1.0 15.00 148.00 163.00 OK

Check Details

Version: 0.1.0
Check: package dependencies
Result: NOTE Package suggested but not available for checking: ‘brms’ Flavor: r-oldrel-macos-x86_64

Version: 0.1.0
Check: Rd cross-references
Result: NOTE Package unavailable to check Rd xrefs: ‘brms’ Flavor: r-oldrel-macos-x86_64