Last updated on 2024-05-02 04:00:38 CEST.
Flavor | Version | Tinstall | Tcheck | Ttotal | Status | Flags |
---|---|---|---|---|---|---|
r-devel-linux-x86_64-debian-clang | 0.26.0 | 188.39 | 204.85 | 393.24 | NOTE | |
r-devel-linux-x86_64-debian-gcc | 0.26.0 | 159.22 | 150.92 | 310.14 | NOTE | |
r-devel-linux-x86_64-fedora-clang | 0.26.0 | 532.28 | NOTE | |||
r-devel-linux-x86_64-fedora-gcc | 0.26.0 | 581.04 | OK | |||
r-devel-windows-x86_64 | 0.26.0 | 143.00 | 384.00 | 527.00 | NOTE | |
r-patched-linux-x86_64 | 0.26.0 | 196.19 | 177.58 | 373.77 | OK | |
r-release-linux-x86_64 | 0.26.0 | 185.28 | 184.92 | 370.20 | OK | |
r-release-macos-arm64 | 0.26.0 | 161.00 | NOTE | |||
r-release-macos-x86_64 | 0.26.0 | 392.00 | NOTE | |||
r-release-windows-x86_64 | 0.26.0 | 153.00 | 387.00 | 540.00 | NOTE | |
r-oldrel-macos-arm64 | 0.26.0 | 152.00 | NOTE | |||
r-oldrel-macos-x86_64 | 0.26.0 | 329.00 | NOTE | |||
r-oldrel-windows-x86_64 | 0.26.0 | 188.00 | 450.00 | 638.00 | NOTE |
Version: 0.26.0
Check: compiled code
Result: NOTE
File ‘tiledb/libs/tiledb.so’:
Found non-API call to R: ‘SET_S4_OBJECT’
Compiled code should not call non-API entry points in R.
See ‘Writing portable packages’ in the ‘Writing R Extensions’ manual.
Flavors: r-devel-linux-x86_64-debian-clang, r-devel-linux-x86_64-debian-gcc
Version: 0.26.0
Check: installed package size
Result: NOTE
installed size is 86.0Mb
sub-directories of 1Mb or more:
libs 2.2Mb
tiledb 81.4Mb
Flavors: r-devel-linux-x86_64-fedora-clang, r-devel-windows-x86_64, r-release-macos-arm64, r-release-macos-x86_64, r-release-windows-x86_64, r-oldrel-macos-arm64, r-oldrel-macos-x86_64, r-oldrel-windows-x86_64
Version: 0.26.0
Check: compiled code
Result: NOTE
File 'tiledb/libs/x64/tiledb.dll':
Found non-API call to R: 'SET_S4_OBJECT'
Compiled code should not call non-API entry points in R.
See 'Writing portable packages' in the 'Writing R Extensions' manual.
Flavor: r-devel-windows-x86_64
Version: 0.26.0
Check: package dependencies
Result: NOTE
Package suggested but not available for checking: ‘arrow’
Flavor: r-release-macos-x86_64