CRAN Package Check Results for Package tidyboot

Last updated on 2025-10-04 04:50:12 CEST.

Flavor Version Tinstall Tcheck Ttotal Status Flags
r-devel-linux-x86_64-debian-clang 0.1.1 3.71 46.61 50.32 NOTE
r-devel-linux-x86_64-debian-gcc 0.1.1 2.47 33.72 36.19 NOTE
r-devel-linux-x86_64-fedora-clang 0.1.1 72.20 NOTE
r-devel-linux-x86_64-fedora-gcc 0.1.1 76.42 NOTE
r-devel-windows-x86_64 0.1.1 5.00 59.00 64.00 NOTE
r-patched-linux-x86_64 0.1.1 3.51 42.97 46.48 NOTE
r-release-linux-x86_64 0.1.1 3.44 42.70 46.14 NOTE
r-release-macos-arm64 0.1.1 23.00 NOTE
r-release-macos-x86_64 0.1.1 47.00 NOTE
r-release-windows-x86_64 0.1.1 5.00 59.00 64.00 NOTE
r-oldrel-macos-arm64 0.1.1 26.00 NOTE
r-oldrel-macos-x86_64 0.1.1 36.00 NOTE
r-oldrel-windows-x86_64 0.1.1 6.00 74.00 80.00 NOTE

Check Details

Version: 0.1.1
Check: package subdirectories
Result: NOTE Problems with news in ‘NEWS.md’: No news entries found. Flavors: r-devel-linux-x86_64-debian-clang, r-devel-linux-x86_64-debian-gcc, r-devel-linux-x86_64-fedora-clang, r-devel-linux-x86_64-fedora-gcc, r-devel-windows-x86_64, r-patched-linux-x86_64, r-release-linux-x86_64, r-release-macos-arm64, r-release-macos-x86_64, r-release-windows-x86_64, r-oldrel-macos-arm64, r-oldrel-macos-x86_64, r-oldrel-windows-x86_64

Version: 0.1.1
Check: LazyData
Result: NOTE 'LazyData' is specified without a 'data' directory Flavors: r-oldrel-macos-arm64, r-oldrel-macos-x86_64, r-oldrel-windows-x86_64