CRAN Package Check Results for Package tidybayes

Last updated on 2024-07-17 03:49:36 CEST.

Flavor Version Tinstall Tcheck Ttotal Status Flags
r-devel-linux-x86_64-debian-clang 3.0.6 13.27 371.18 384.45 OK
r-devel-linux-x86_64-debian-gcc 3.0.6 8.76 271.71 280.47 OK
r-devel-linux-x86_64-fedora-clang 3.0.6 454.61 OK
r-devel-linux-x86_64-fedora-gcc 3.0.6 492.99 OK
r-devel-windows-x86_64 3.0.6 11.00 298.00 309.00 NOTE
r-patched-linux-x86_64 3.0.6 18.71 354.92 373.63 OK
r-release-linux-x86_64 3.0.6 10.33 357.70 368.03 OK
r-release-macos-arm64 3.0.6 139.00 OK
r-release-macos-x86_64 3.0.6 251.00 OK
r-release-windows-x86_64 3.0.6 13.00 299.00 312.00 OK
r-oldrel-macos-arm64 3.0.6 129.00 OK
r-oldrel-macos-x86_64 3.0.6 299.00 OK
r-oldrel-windows-x86_64 3.0.6 16.00 377.00 393.00 OK

Check Details

Version: 3.0.6
Check: Rd cross-references
Result: NOTE Found the following Rd file(s) with Rd \link{} targets missing package anchors: add_predicted_rvars.Rd: rvar compose_data.Rd: mutate nest_rvars.Rd: rvar predict_curve.Rd: tbl_df, grouped_df, group_by spread_rvars.Rd: rvar Please provide package anchors for all Rd \link{} targets not in the package itself and the base packages. Flavor: r-devel-windows-x86_64