Last updated on 2025-05-16 05:49:22 CEST.
Flavor | Version | Tinstall | Tcheck | Ttotal | Status | Flags |
---|---|---|---|---|---|---|
r-devel-linux-x86_64-debian-clang | 1.0.0 | 3.34 | 80.00 | 83.34 | NOTE | |
r-devel-linux-x86_64-debian-gcc | 1.0.0 | 2.42 | 57.36 | 59.78 | NOTE | |
r-devel-linux-x86_64-fedora-clang | 1.0.0 | 131.30 | OK | |||
r-devel-linux-x86_64-fedora-gcc | 1.0.0 | 150.11 | OK | |||
r-devel-windows-x86_64 | 1.0.0 | 6.00 | 112.00 | 118.00 | NOTE | |
r-patched-linux-x86_64 | 1.0.0 | 3.06 | 75.10 | 78.16 | NOTE | |
r-release-linux-x86_64 | 1.0.0 | 3.26 | 75.74 | 79.00 | NOTE | |
r-release-macos-arm64 | 1.0.0 | 77.00 | OK | |||
r-release-macos-x86_64 | 1.0.0 | 137.00 | OK | |||
r-release-windows-x86_64 | 1.0.0 | 6.00 | 114.00 | 120.00 | NOTE | |
r-oldrel-macos-arm64 | 1.0.0 | 76.00 | OK | |||
r-oldrel-macos-x86_64 | 1.0.0 | 108.00 | OK | |||
r-oldrel-windows-x86_64 | 1.0.0 | 7.00 | 137.00 | 144.00 | OK |
Version: 1.0.0
Check: Rd cross-references
Result: NOTE
Found the following Rd file(s) with Rd \link{} targets missing package
anchors:
plot.mc.Rd: ggplot2
plot.summary.mc.Rd: ggplot2
tidy_mc_latex.Rd: kableExtra
Please provide package anchors for all Rd \link{} targets not in the
package itself and the base packages.
Flavors: r-devel-linux-x86_64-debian-clang, r-devel-linux-x86_64-debian-gcc, r-devel-windows-x86_64, r-patched-linux-x86_64, r-release-linux-x86_64, r-release-windows-x86_64