Last updated on 2025-05-16 05:49:22 CEST.
Flavor | Version | Tinstall | Tcheck | Ttotal | Status | Flags |
---|---|---|---|---|---|---|
r-devel-linux-x86_64-debian-clang | 1.2.0 | 29.16 | 69.29 | 98.45 | OK | |
r-devel-linux-x86_64-debian-gcc | 1.2.0 | 17.97 | 48.77 | 66.74 | OK | |
r-devel-linux-x86_64-fedora-clang | 1.2.0 | 157.32 | OK | |||
r-devel-linux-x86_64-fedora-gcc | 1.2.0 | 159.54 | OK | |||
r-devel-windows-x86_64 | 1.2.0 | 32.00 | 90.00 | 122.00 | OK | |
r-patched-linux-x86_64 | 1.2.0 | 28.20 | 64.69 | 92.89 | OK | |
r-release-linux-x86_64 | 1.2.0 | 26.38 | 64.33 | 90.71 | OK | |
r-release-macos-arm64 | 1.2.0 | 110.00 | OK | |||
r-release-macos-x86_64 | 1.2.0 | 101.00 | OK | |||
r-release-windows-x86_64 | 1.2.0 | 30.00 | 89.00 | 119.00 | OK | |
r-oldrel-macos-arm64 | 1.2.0 | 56.00 | NOTE | |||
r-oldrel-macos-x86_64 | 1.2.0 | 89.00 | NOTE | |||
r-oldrel-windows-x86_64 | 1.2.0 | 39.00 | 103.00 | 142.00 | NOTE |
Version: 1.2.0
Check: installed package size
Result: NOTE
installed size is 7.3Mb
sub-directories of 1Mb or more:
R 2.0Mb
threeBrainJS 2.9Mb
Flavors: r-oldrel-macos-arm64, r-oldrel-macos-x86_64, r-oldrel-windows-x86_64