Last updated on 2024-05-02 04:00:38 CEST.
Flavor | Version | Tinstall | Tcheck | Ttotal | Status | Flags |
---|---|---|---|---|---|---|
r-devel-linux-x86_64-debian-clang | 2.4-22 | 40.60 | 63.31 | 103.91 | OK | --no-vignettes |
r-devel-linux-x86_64-debian-gcc | 2.4-22 | 29.71 | 45.91 | 75.62 | OK | --no-vignettes |
r-devel-linux-x86_64-fedora-clang | 2.4-22 | 158.69 | NOTE | --no-vignettes | ||
r-devel-linux-x86_64-fedora-gcc | 2.4-22 | 136.87 | OK | --no-vignettes | ||
r-devel-windows-x86_64 | 2.4-22 | 44.00 | 82.00 | 126.00 | OK | --no-examples --no-tests --no-vignettes |
r-patched-linux-x86_64 | 2.4-22 | 46.25 | 60.85 | 107.10 | OK | --no-vignettes |
r-release-linux-x86_64 | 2.4-22 | 41.94 | 58.80 | 100.74 | OK | --no-vignettes |
r-release-macos-arm64 | 2.4-22 | 38.00 | NOTE | --no-vignettes | ||
r-release-windows-x86_64 | 2.4-22 | 48.00 | 75.00 | 123.00 | OK | --no-examples --no-tests --no-vignettes |
r-oldrel-macos-arm64 | 2.4-22 | 41.00 | NOTE | --no-vignettes | ||
r-oldrel-macos-x86_64 | 2.4-22 | 77.00 | NOTE | --no-vignettes | ||
r-oldrel-windows-x86_64 | 2.4-22 | 53.00 | 69.00 | 122.00 | OK | --no-examples --no-tests --no-vignettes |
Version: 2.4-22
Flags: --no-vignettes
Check: Rd cross-references
Result: NOTE
Undeclared package ‘akima’ in Rd xrefs
Flavor: r-devel-linux-x86_64-fedora-clang
Version: 2.4-22
Flags: --no-vignettes
Check: installed package size
Result: NOTE
installed size is 5.2Mb
sub-directories of 1Mb or more:
doc 2.6Mb
libs 2.1Mb
Flavors: r-release-macos-arm64, r-oldrel-macos-arm64, r-oldrel-macos-x86_64