CRAN Package Check Results for Package tensorflow

Last updated on 2025-05-09 04:52:12 CEST.

Flavor Version Tinstall Tcheck Ttotal Status Flags
r-devel-linux-x86_64-debian-clang 2.16.0 9.47 71.64 81.11 NOTE
r-devel-linux-x86_64-debian-gcc 2.16.0 6.87 54.56 61.43 NOTE
r-devel-linux-x86_64-fedora-clang 2.16.0 139.65 OK
r-devel-linux-x86_64-fedora-gcc 2.16.0 128.43 OK
r-devel-windows-x86_64 2.16.0 11.00 84.00 95.00 NOTE
r-patched-linux-x86_64 2.16.0 10.17 68.38 78.55 NOTE
r-release-linux-x86_64 2.16.0 9.50 68.32 77.82 NOTE
r-release-macos-arm64 2.16.0 44.00 OK
r-release-macos-x86_64 2.16.0 78.00 OK
r-release-windows-x86_64 2.16.0 11.00 87.00 98.00 NOTE
r-oldrel-macos-arm64 2.16.0 40.00 OK
r-oldrel-macos-x86_64 2.16.0 55.00 OK
r-oldrel-windows-x86_64 2.16.0 13.00 101.00 114.00 OK

Check Details

Version: 2.16.0
Check: Rd cross-references
Result: NOTE Found the following Rd file(s) with Rd \link{} targets missing package anchors: parse_arguments.Rd: yaml.load Please provide package anchors for all Rd \link{} targets not in the package itself and the base packages. Flavors: r-devel-linux-x86_64-debian-clang, r-devel-linux-x86_64-debian-gcc, r-devel-windows-x86_64, r-patched-linux-x86_64, r-release-linux-x86_64, r-release-windows-x86_64