CRAN Package Check Results for Package taxa

Last updated on 2025-05-09 04:52:12 CEST.

Flavor Version Tinstall Tcheck Ttotal Status Flags
r-devel-linux-x86_64-debian-clang 0.4.3 7.38 70.45 77.83 NOTE
r-devel-linux-x86_64-debian-gcc 0.4.3 5.56 48.55 54.11 NOTE
r-devel-linux-x86_64-fedora-clang 0.4.3 120.67 OK
r-devel-linux-x86_64-fedora-gcc 0.4.3 119.91 OK
r-devel-windows-x86_64 0.4.3 10.00 92.00 102.00 NOTE
r-patched-linux-x86_64 0.4.3 9.98 63.57 73.55 NOTE
r-release-linux-x86_64 0.4.3 7.57 64.84 72.41 NOTE
r-release-macos-arm64 0.4.3 36.00 OK
r-release-macos-x86_64 0.4.3 61.00 OK
r-release-windows-x86_64 0.4.3 11.00 96.00 107.00 NOTE
r-oldrel-macos-arm64 0.4.3 33.00 OK
r-oldrel-macos-x86_64 0.4.3 51.00 OK
r-oldrel-windows-x86_64 0.4.3 13.00 107.00 120.00 OK

Check Details

Version: 0.4.3
Check: Rd cross-references
Result: NOTE Found the following Rd file(s) with Rd \link{} targets missing package anchors: as_data_frame.Rd: as_tibble Please provide package anchors for all Rd \link{} targets not in the package itself and the base packages. Flavors: r-devel-linux-x86_64-debian-clang, r-devel-linux-x86_64-debian-gcc, r-devel-windows-x86_64, r-patched-linux-x86_64, r-release-linux-x86_64, r-release-windows-x86_64