Last updated on 2025-06-12 04:49:21 CEST.
Flavor | Version | Tinstall | Tcheck | Ttotal | Status | Flags |
---|---|---|---|---|---|---|
r-devel-linux-x86_64-debian-clang | 0.14.8 | 12.31 | 96.44 | 108.75 | NOTE | |
r-devel-linux-x86_64-debian-gcc | 0.14.8 | 5.78 | 59.24 | 65.02 | NOTE | |
r-devel-linux-x86_64-fedora-clang | 0.14.8 | 147.79 | OK | |||
r-devel-linux-x86_64-fedora-gcc | 0.14.8 | 196.71 | OK | |||
r-devel-windows-x86_64 | 0.14.8 | 16.00 | 222.00 | 238.00 | OK | |
r-patched-linux-x86_64 | 0.14.8 | 12.12 | 93.50 | 105.62 | OK | |
r-release-linux-x86_64 | 0.14.8 | 12.19 | 91.70 | 103.89 | OK | |
r-release-macos-arm64 | 0.14.8 | 118.00 | OK | |||
r-release-macos-x86_64 | 0.14.8 | 238.00 | OK | |||
r-release-windows-x86_64 | 0.14.8 | 12.00 | 190.00 | 202.00 | OK | |
r-oldrel-macos-arm64 | 0.14.8 | 133.00 | OK | |||
r-oldrel-macos-x86_64 | 0.14.8 | 206.00 | OK | |||
r-oldrel-windows-x86_64 | 0.14.8 | 17.00 | 168.00 | 185.00 | OK |
Version: 0.14.8
Check: CRAN incoming feasibility
Result: NOTE
Maintainer: ‘Gabriel Becker <gabembecker@gmail.com>’
No Authors@R field in DESCRIPTION.
Please add one, modifying
Authors@R: person(given = "Gabriel",
family = "Becker",
role = c("aut", "cre"),
email = "gabembecker@gmail.com")
as necessary.
Flavors: r-devel-linux-x86_64-debian-clang, r-devel-linux-x86_64-debian-gcc