Last updated on 2025-02-06 05:49:23 CET.
Flavor | Version | Tinstall | Tcheck | Ttotal | Status | Flags |
---|---|---|---|---|---|---|
r-devel-linux-x86_64-debian-clang | 1.0.0 | 2.88 | 178.09 | 180.97 | OK | |
r-devel-linux-x86_64-debian-gcc | 1.0.0 | 2.33 | 104.28 | 106.61 | OK | |
r-devel-linux-x86_64-fedora-clang | 1.0.0 | 303.10 | OK | |||
r-devel-linux-x86_64-fedora-gcc | 1.0.0 | 299.84 | OK | |||
r-devel-windows-x86_64 | 1.0.0 | 4.00 | 177.00 | 181.00 | OK | |
r-patched-linux-x86_64 | 1.0.0 | 3.88 | 171.34 | 175.22 | NOTE | |
r-release-linux-x86_64 | 1.0.0 | 2.95 | 170.70 | 173.65 | NOTE | |
r-release-macos-arm64 | 1.0.0 | 61.00 | NOTE | |||
r-release-macos-x86_64 | 1.0.0 | 127.00 | NOTE | |||
r-release-windows-x86_64 | 1.0.0 | 5.00 | 170.00 | 175.00 | NOTE | |
r-oldrel-macos-arm64 | 1.0.0 | 65.00 | NOTE | |||
r-oldrel-macos-x86_64 | 1.0.0 | 135.00 | NOTE | |||
r-oldrel-windows-x86_64 | 1.0.0 | 4.00 | 221.00 | 225.00 | NOTE |
Version: 1.0.0
Check: LazyData
Result: NOTE
'LazyData' is specified without a 'data' directory
Flavors: r-patched-linux-x86_64, r-release-linux-x86_64, r-release-macos-arm64, r-release-macos-x86_64, r-release-windows-x86_64, r-oldrel-macos-arm64, r-oldrel-macos-x86_64, r-oldrel-windows-x86_64