Last updated on 2025-02-06 05:49:23 CET.
Flavor | Version | Tinstall | Tcheck | Ttotal | Status | Flags |
---|---|---|---|---|---|---|
r-devel-linux-x86_64-debian-clang | 0.6.4 | 11.41 | 280.67 | 292.08 | NOTE | |
r-devel-linux-x86_64-debian-gcc | 0.6.4 | 6.74 | 140.25 | 146.99 | NOTE | |
r-devel-linux-x86_64-fedora-clang | 0.6.4 | 459.45 | NOTE | |||
r-devel-linux-x86_64-fedora-gcc | 0.6.4 | 442.86 | NOTE | |||
r-devel-windows-x86_64 | 0.6.4 | 12.00 | 222.00 | 234.00 | NOTE | |
r-patched-linux-x86_64 | 0.6.4 | 10.04 | 236.67 | 246.71 | OK | |
r-release-linux-x86_64 | 0.6.4 | 10.42 | 235.69 | 246.11 | OK | |
r-release-macos-arm64 | 0.6.4 | 124.00 | OK | |||
r-release-macos-x86_64 | 0.6.4 | 207.00 | OK | |||
r-release-windows-x86_64 | 0.6.4 | 11.00 | 224.00 | 235.00 | OK | |
r-oldrel-macos-arm64 | 0.6.4 | 132.00 | OK | |||
r-oldrel-macos-x86_64 | 0.6.4 | 335.00 | OK | |||
r-oldrel-windows-x86_64 | 0.6.4 | 14.00 | 318.00 | 332.00 | OK |
Version: 0.6.4
Check: DESCRIPTION meta-information
Result: NOTE
Missing dependency on R >= 4.1.0 because package code uses the pipe
|> or function shorthand \(...) syntax added in R 4.1.0.
File(s) using such syntax:
‘add_inactive_replicates.R’ ‘as_jackknife_design.R’
‘make_bootstrap_weights.R’ ‘quadratic_forms.R’
‘quadratic_forms_of_survey_design_objects.R’ ‘redistribute_weights.R’
‘stack_replicate_designs.R’ ‘summarize_rep_weights.R’
Flavors: r-devel-linux-x86_64-debian-clang, r-devel-linux-x86_64-debian-gcc, r-devel-linux-x86_64-fedora-clang, r-devel-linux-x86_64-fedora-gcc, r-devel-windows-x86_64