Last updated on 2024-04-27 03:56:29 CEST.
Flavor | Version | Tinstall | Tcheck | Ttotal | Status | Flags |
---|---|---|---|---|---|---|
r-devel-linux-x86_64-debian-clang | 0.1.2 | 75.89 | 74.09 | 149.98 | NOTE | |
r-devel-linux-x86_64-debian-gcc | 0.1.2 | 67.62 | 54.41 | 122.03 | NOTE | |
r-devel-linux-x86_64-fedora-clang | 0.1.2 | 228.76 | NOTE | |||
r-devel-linux-x86_64-fedora-gcc | 0.1.2 | 222.38 | NOTE | |||
r-devel-windows-x86_64 | 0.1.2 | 71.00 | 94.00 | 165.00 | NOTE | |
r-patched-linux-x86_64 | 0.1.2 | 91.11 | 70.66 | 161.77 | NOTE | |
r-release-linux-x86_64 | 0.1.2 | 88.38 | 71.75 | 160.13 | NOTE | |
r-release-macos-arm64 | 0.1.2 | 47.00 | NOTE | |||
r-release-windows-x86_64 | 0.1.2 | 68.00 | 87.00 | 155.00 | NOTE | |
r-oldrel-macos-arm64 | 0.1.2 | 56.00 | NOTE | |||
r-oldrel-macos-x86_64 | 0.1.2 | 98.00 | NOTE | |||
r-oldrel-windows-x86_64 | 0.1.2 | 85.00 | 108.00 | 193.00 | NOTE |
Version: 0.1.2
Check: C++ specification
Result: NOTE
Specified C++11: please drop specification unless essential
Flavors: r-devel-linux-x86_64-debian-clang, r-devel-linux-x86_64-debian-gcc, r-devel-linux-x86_64-fedora-clang, r-devel-linux-x86_64-fedora-gcc, r-devel-windows-x86_64, r-patched-linux-x86_64, r-release-linux-x86_64, r-release-macos-arm64, r-release-windows-x86_64, r-oldrel-macos-arm64, r-oldrel-macos-x86_64, r-oldrel-windows-x86_64