Last updated on 2024-05-02 04:00:36 CEST.
Flavor | Version | Tinstall | Tcheck | Ttotal | Status | Flags |
---|---|---|---|---|---|---|
r-devel-linux-x86_64-debian-clang | 0.1.0 | 2.20 | 23.20 | 25.40 | NOTE | |
r-devel-linux-x86_64-debian-gcc | 0.1.0 | 1.43 | 18.13 | 19.56 | NOTE | |
r-devel-linux-x86_64-fedora-clang | 0.1.0 | 32.70 | NOTE | |||
r-devel-linux-x86_64-fedora-gcc | 0.1.0 | 30.98 | NOTE | |||
r-devel-windows-x86_64 | 0.1.0 | 3.00 | 40.00 | 43.00 | NOTE | |
r-patched-linux-x86_64 | 0.1.0 | 1.92 | 22.14 | 24.06 | NOTE | |
r-release-linux-x86_64 | 0.1.0 | 2.07 | 22.77 | 24.84 | NOTE | |
r-release-macos-arm64 | 0.1.0 | 14.00 | NOTE | |||
r-release-windows-x86_64 | 0.1.0 | 3.00 | 40.00 | 43.00 | NOTE | |
r-oldrel-macos-arm64 | 0.1.0 | 17.00 | OK | |||
r-oldrel-macos-x86_64 | 0.1.0 | 34.00 | OK | |||
r-oldrel-windows-x86_64 | 0.1.0 | 3.00 | 81.00 | 84.00 | OK |
Version: 0.1.0
Check: Rd files
Result: NOTE
checkRd: (-1) suggests.Rd:14: Lost braces; missing escapes or markup?
14 | {suggests} aims to make that workflow as minimal and painless as possible,
| ^
Flavors: r-devel-linux-x86_64-debian-clang, r-devel-linux-x86_64-debian-gcc, r-devel-linux-x86_64-fedora-clang, r-devel-linux-x86_64-fedora-gcc, r-devel-windows-x86_64, r-patched-linux-x86_64, r-release-linux-x86_64, r-release-macos-arm64, r-release-windows-x86_64