Last updated on 2024-05-02 04:00:36 CEST.
Flavor | Version | Tinstall | Tcheck | Ttotal | Status | Flags |
---|---|---|---|---|---|---|
r-devel-linux-x86_64-debian-clang | 1.2.0 | 10.67 | 119.34 | 130.01 | OK | |
r-devel-linux-x86_64-debian-gcc | 1.2.0 | 8.15 | 88.59 | 96.74 | OK | |
r-devel-linux-x86_64-fedora-clang | 1.2.0 | 163.80 | OK | |||
r-devel-linux-x86_64-fedora-gcc | 1.2.0 | 173.24 | OK | |||
r-devel-windows-x86_64 | 1.2.0 | 11.00 | 134.00 | 145.00 | OK | |
r-patched-linux-x86_64 | 1.1.2 | 8.84 | 115.27 | 124.11 | NOTE | |
r-release-linux-x86_64 | 1.2.0 | 10.09 | 112.96 | 123.05 | OK | |
r-release-macos-arm64 | 1.2.0 | 81.00 | OK | |||
r-release-macos-x86_64 | 1.2.0 | 157.00 | OK | |||
r-release-windows-x86_64 | 1.2.0 | 10.00 | 130.00 | 140.00 | OK | |
r-oldrel-macos-arm64 | 1.2.0 | 74.00 | OK | |||
r-oldrel-macos-x86_64 | 1.2.0 | 140.00 | OK | |||
r-oldrel-windows-x86_64 | 1.2.0 | 14.00 | 154.00 | 168.00 | OK |
Version: 1.1.2
Check: Rd files
Result: NOTE
checkRd: (-1) geo_toptail.Rd:26: Lost braces; missing escapes or markup?
26 | in {stplanr} v0.8.5 for an implementation that uses the geosphere
| ^
Flavor: r-patched-linux-x86_64