CRAN Package Check Results for Package stochvol

Last updated on 2025-10-17 05:50:07 CEST.

Flavor Version Tinstall Tcheck Ttotal Status Flags
r-devel-linux-x86_64-debian-clang 3.2.7 95.65 141.28 236.93 WARN
r-devel-linux-x86_64-debian-gcc 3.2.8 59.39 111.02 170.41 OK
r-devel-linux-x86_64-fedora-clang 3.2.8 425.65 OK
r-devel-linux-x86_64-fedora-gcc 3.2.8 417.77 OK
r-devel-windows-x86_64 3.2.8 107.00 219.00 326.00 OK
r-patched-linux-x86_64 3.2.8 96.37 138.83 235.20 OK
r-release-linux-x86_64 3.2.7 97.71 138.62 236.33 WARN
r-release-macos-arm64 3.2.8 166.00 OK
r-release-macos-x86_64 3.2.8 283.00 OK
r-release-windows-x86_64 3.2.8 100.00 219.00 319.00 OK
r-oldrel-macos-arm64 3.2.8 155.00 NOTE
r-oldrel-macos-x86_64 3.2.8 223.00 NOTE
r-oldrel-windows-x86_64 3.2.7 125.00 255.00 380.00 WARN

Check Details

Version: 3.2.7
Check: whether package can be installed
Result: WARN Found the following significant warnings: ./utils_main.h:87:17: warning: 'is_finite<arma::Mat<double>>' is deprecated: change arma::is_finite(X) to X.is_finite() [-Wdeprecated-declarations] See ‘/home/hornik/tmp/R.check/r-devel-clang/Work/PKGS/stochvol.Rcheck/00install.out’ for details. * used C++ compiler: ‘Debian clang version 19.1.7 (7)’ Flavor: r-devel-linux-x86_64-debian-clang

Version: 3.2.7
Check: whether package can be installed
Result: WARN Found the following significant warnings: utils_main.h:87:26: warning: ‘bool arma::is_finite(const Base<typename T1::elem_type, T1>&) [with T1 = Mat<double>; typename T1::elem_type = double]’ is deprecated: change arma::is_finite(X) to X.is_finite() [-Wdeprecated-declarations] See ‘/home/hornik/tmp/R.check/r-release-gcc/Work/PKGS/stochvol.Rcheck/00install.out’ for details. * used C++ compiler: ‘g++-14 (Debian 14.3.0-8) 14.3.0’ Flavor: r-release-linux-x86_64

Version: 3.2.8
Check: installed package size
Result: NOTE installed size is 9.7Mb sub-directories of 1Mb or more: doc 1.9Mb libs 6.9Mb Flavors: r-oldrel-macos-arm64, r-oldrel-macos-x86_64

Version: 3.2.7
Check: whether package can be installed
Result: WARN Found the following significant warnings: utils_main.h:87:26: warning: 'bool arma::is_finite(const Base<typename T1::elem_type, T1>&) [with T1 = Mat<double>; typename T1::elem_type = double]' is deprecated: change arma::is_finite(X) to X.is_finite() [-Wdeprecated-declarations] See 'd:/Rcompile/CRANpkg/local/4.4/stochvol.Rcheck/00install.out' for details. * used C++ compiler: 'g++.exe (GCC) 13.3.0' Flavor: r-oldrel-windows-x86_64