Last updated on 2025-05-16 05:49:21 CEST.
Flavor | Version | Tinstall | Tcheck | Ttotal | Status | Flags |
---|---|---|---|---|---|---|
r-devel-linux-x86_64-debian-clang | 0.0.1 | 9.27 | 73.27 | 82.54 | NOTE | |
r-devel-linux-x86_64-debian-gcc | 0.0.1 | 6.95 | 51.85 | 58.80 | NOTE | |
r-devel-linux-x86_64-fedora-clang | 0.0.1 | 130.22 | OK | |||
r-devel-linux-x86_64-fedora-gcc | 0.0.1 | 123.06 | OK | |||
r-devel-windows-x86_64 | 0.0.1 | 10.00 | 88.00 | 98.00 | OK | |
r-patched-linux-x86_64 | 0.0.1 | 8.39 | 69.51 | 77.90 | OK | |
r-release-linux-x86_64 | 0.0.1 | 8.83 | 70.46 | 79.29 | OK | |
r-release-macos-arm64 | 0.0.1 | 37.00 | OK | |||
r-release-macos-x86_64 | 0.0.1 | 91.00 | OK | |||
r-release-windows-x86_64 | 0.0.1 | 10.00 | 86.00 | 96.00 | OK | |
r-oldrel-macos-arm64 | 0.0.1 | 35.00 | OK | |||
r-oldrel-macos-x86_64 | 0.0.1 | 59.00 | OK | |||
r-oldrel-windows-x86_64 | 0.0.1 | 13.00 | 101.00 | 114.00 | OK |
Version: 0.0.1
Check: CRAN incoming feasibility
Result: NOTE
Maintainer: ‘Leandro A. Pereira <leandro.ap@ufu.br>’
The Description field contains
hypothesis test. Pinto & Pereira (2021) <arXiv:2109.07978>.
Please refer to arXiv e-prints via their arXiv DOI <doi:10.48550/arXiv.YYMM.NNNNN>.
Flavors: r-devel-linux-x86_64-debian-clang, r-devel-linux-x86_64-debian-gcc