CRAN Package Check Results for Package srm

Last updated on 2025-07-24 05:49:26 CEST.

Flavor Version Tinstall Tcheck Ttotal Status Flags
r-devel-linux-x86_64-debian-clang 0.4-26 63.39 49.14 112.53 NOTE
r-devel-linux-x86_64-debian-gcc 0.4-26 43.14 34.84 77.98 NOTE
r-devel-linux-x86_64-fedora-clang 0.4-26 205.51 OK
r-devel-linux-x86_64-fedora-gcc 0.4-26 184.85 OK
r-devel-windows-x86_64 0.4-26 72.00 82.00 154.00 OK
r-patched-linux-x86_64 0.4-26 62.31 45.29 107.60 OK
r-release-linux-x86_64 0.4-26 61.49 45.28 106.77 OK
r-release-macos-arm64 0.4-26 46.00 OK
r-release-macos-x86_64 0.4-26 77.00 OK
r-release-windows-x86_64 0.4-26 71.00 76.00 147.00 OK
r-oldrel-macos-arm64 0.4-26 46.00 OK
r-oldrel-macos-x86_64 0.4-26 56.00 OK
r-oldrel-windows-x86_64 0.4-26 86.00 100.00 186.00 OK

Check Details

Version: 0.4-26
Check: CRAN incoming feasibility
Result: NOTE Maintainer: ‘Alexander Robitzsch <robitzsch@ipn.uni-kiel.de>’ No Authors@R field in DESCRIPTION. Please add one, modifying Authors@R: c(person(given = "Steffen", family = "Nestler", role = "aut"), person(given = "Alexander", family = "Robitzsch", role = c("aut", "cre"), email = "robitzsch@ipn.uni-kiel.de"), person(given = "Oliver", family = "Luedtke", role = "aut")) as necessary. Package CITATION file contains call(s) to old-style personList() or as.personList(). Please use c() on person objects instead. Package CITATION file contains call(s) to old-style citEntry(). Please use bibentry() instead. Flavors: r-devel-linux-x86_64-debian-clang, r-devel-linux-x86_64-debian-gcc