Last updated on 2024-05-02 04:00:36 CEST.
Flavor | Version | Tinstall | Tcheck | Ttotal | Status | Flags |
---|---|---|---|---|---|---|
r-devel-linux-x86_64-debian-clang | 1.1-1 | 10.79 | 85.05 | 95.84 | OK | |
r-devel-linux-x86_64-debian-gcc | 1.1-1 | 7.96 | 64.79 | 72.75 | OK | |
r-devel-linux-x86_64-fedora-clang | 1.1-1 | 117.96 | OK | |||
r-devel-linux-x86_64-fedora-gcc | 1.1-1 | 112.59 | OK | |||
r-devel-windows-x86_64 | 1.1-1 | 8.00 | 79.00 | 87.00 | OK | |
r-patched-linux-x86_64 | 1.1-1 | 10.17 | 82.63 | 92.80 | OK | |
r-release-linux-x86_64 | 1.1-1 | 8.21 | 81.91 | 90.12 | OK | |
r-release-macos-arm64 | 1.1-1 | 37.00 | OK | |||
r-release-windows-x86_64 | 1.1-1 | 8.00 | 82.00 | 90.00 | OK | |
r-oldrel-macos-arm64 | 1.1-1 | 38.00 | OK | |||
r-oldrel-macos-x86_64 | 1.1-1 | 64.00 | NOTE | |||
r-oldrel-windows-x86_64 | 1.1-1 | 11.00 | 98.00 | 109.00 | OK |
Version: 1.1-1
Check: package dependencies
Result: NOTE
Package suggested but not available for checking: ‘ecpc’
Flavor: r-oldrel-macos-x86_64