Last updated on 2025-05-15 05:50:38 CEST.
Flavor | Version | Tinstall | Tcheck | Ttotal | Status | Flags |
---|---|---|---|---|---|---|
r-devel-linux-x86_64-debian-clang | 1.0.0 | 281.34 | 218.59 | 499.93 | NOTE | |
r-devel-linux-x86_64-debian-gcc | 1.0.0 | 272.20 | 180.64 | 452.84 | NOTE | |
r-devel-linux-x86_64-fedora-clang | 1.0.0 | 789.86 | NOTE | |||
r-devel-linux-x86_64-fedora-gcc | 1.0.0 | 1068.96 | NOTE | |||
r-devel-windows-x86_64 | 1.0.0 | 304.00 | 269.00 | 573.00 | OK | |
r-patched-linux-x86_64 | 1.0.0 | 327.16 | 238.87 | 566.03 | OK | |
r-release-linux-x86_64 | 1.0.0 | 320.23 | 236.92 | 557.15 | OK | |
r-release-macos-arm64 | 1.0.0 | 210.00 | OK | |||
r-release-macos-x86_64 | 1.0.0 | 356.00 | OK | |||
r-release-windows-x86_64 | 1.0.0 | 306.00 | 266.00 | 572.00 | OK | |
r-oldrel-macos-arm64 | 1.0.0 | 197.00 | NOTE | |||
r-oldrel-macos-x86_64 | 1.0.0 | 294.00 | NOTE | |||
r-oldrel-windows-x86_64 | 1.0.0 | 353.00 | 333.00 | 686.00 | NOTE |
Version: 1.0.0
Check: CRAN incoming feasibility
Result: NOTE
Maintainer: ‘Renato Panaro <renatovp@ime.usp.br>’
The Description field contains
right-censored data. RV Panaro (2020) <arXiv:2003.10548>.
Please refer to arXiv e-prints via their arXiv DOI <doi:10.48550/arXiv.YYMM.NNNNN>.
Flavors: r-devel-linux-x86_64-debian-clang, r-devel-linux-x86_64-debian-gcc
Version: 1.0.0
Check: DESCRIPTION meta-information
Result: NOTE
Author field differs from that derived from Authors@R
Author: ‘Renato Panaro [aut, cre] (<https://orcid.org/0000-0002-1903-2091>, https://rvpanaro.github.io/), Fábio Demarqui [aut] (<https://orcid.org/0000-0001-9236-1986>), Vinícius Mayrink [aut] (<https://orcid.org/0000-0002-5683-8326>)’
Authors@R: ‘Renato Panaro [aut, cre] (ORCID: <https://orcid.org/0000-0002-1903-2091>, URL: https://rvpanaro.github.io/), Fábio Demarqui [aut] (ORCID: <https://orcid.org/0000-0001-9236-1986>), Vinícius Mayrink [aut] (ORCID: <https://orcid.org/0000-0002-5683-8326>)’
Flavors: r-devel-linux-x86_64-debian-clang, r-devel-linux-x86_64-debian-gcc
Version: 1.0.0
Check: dependencies in R code
Result: NOTE
Namespace in Imports field not imported from: ‘rstantools’
All declared Imports should be used.
Flavors: r-devel-linux-x86_64-fedora-clang, r-devel-linux-x86_64-fedora-gcc
Version: 1.0.0
Check: installed package size
Result: NOTE
installed size is 90.4Mb
sub-directories of 1Mb or more:
doc 1.5Mb
libs 88.5Mb
Flavors: r-oldrel-macos-arm64, r-oldrel-macos-x86_64, r-oldrel-windows-x86_64
Version: 1.0.0
Check: LazyData
Result: NOTE
'LazyData' is specified without a 'data' directory
Flavors: r-oldrel-macos-arm64, r-oldrel-macos-x86_64, r-oldrel-windows-x86_64
Version: 1.0.0
Check: for GNU extensions in Makefiles
Result: NOTE
GNU make is a SystemRequirements.
Flavors: r-oldrel-macos-arm64, r-oldrel-macos-x86_64, r-oldrel-windows-x86_64