Last updated on 2024-05-01 03:53:52 CEST.
Flavor | Version | Tinstall | Tcheck | Ttotal | Status | Flags |
---|---|---|---|---|---|---|
r-devel-linux-x86_64-debian-clang | 0.2.0 | 23.41 | 57.45 | 80.86 | NOTE | |
r-devel-linux-x86_64-debian-gcc | 0.2.0 | 15.62 | 43.75 | 59.37 | NOTE | |
r-devel-linux-x86_64-fedora-clang | 0.2.0 | 108.45 | NOTE | |||
r-devel-linux-x86_64-fedora-gcc | 0.2.0 | 112.19 | NOTE | |||
r-devel-windows-x86_64 | 0.2.0 | 20.00 | 78.00 | 98.00 | NOTE | |
r-patched-linux-x86_64 | 0.2.0 | 20.55 | 53.63 | 74.18 | NOTE | |
r-release-linux-x86_64 | 0.2.0 | 20.69 | 54.64 | 75.33 | NOTE | |
r-release-macos-arm64 | 0.2.0 | 35.00 | NOTE | |||
r-release-windows-x86_64 | 0.2.0 | 20.00 | 81.00 | 101.00 | NOTE | |
r-oldrel-macos-arm64 | 0.2.0 | 38.00 | NOTE | |||
r-oldrel-macos-x86_64 | 0.2.0 | 50.00 | NOTE | |||
r-oldrel-windows-x86_64 | 0.2.0 | 24.00 | 86.00 | 110.00 | NOTE |
Version: 0.2.0
Check: package subdirectories
Result: NOTE
Problems with news in ‘NEWS.md’:
Cannot extract version info from the following section titles:
updates of 10th May 2021
Flavors: r-devel-linux-x86_64-debian-clang, r-devel-linux-x86_64-debian-gcc, r-devel-linux-x86_64-fedora-clang, r-devel-linux-x86_64-fedora-gcc, r-devel-windows-x86_64, r-patched-linux-x86_64, r-release-linux-x86_64, r-release-macos-arm64, r-release-windows-x86_64, r-oldrel-macos-arm64, r-oldrel-macos-x86_64, r-oldrel-windows-x86_64
Version: 0.2.0
Check: dependencies in R code
Result: NOTE
Namespaces in Imports field not imported from:
‘extrafont’ ‘ggplot2’
All declared Imports should be used.
Flavors: r-devel-linux-x86_64-fedora-clang, r-devel-linux-x86_64-fedora-gcc
Version: 0.2.0
Check: package dependencies
Result: NOTE
Package suggested but not available for checking: ‘ggraph’
Flavor: r-oldrel-macos-x86_64