Last updated on 2025-07-24 05:49:26 CEST.
Flavor | Version | Tinstall | Tcheck | Ttotal | Status | Flags |
---|---|---|---|---|---|---|
r-devel-linux-x86_64-debian-clang | 0.1.9 | 2.72 | 27.81 | 30.53 | NOTE | |
r-devel-linux-x86_64-debian-gcc | 0.1.9 | 2.11 | 21.55 | 23.66 | NOTE | |
r-devel-linux-x86_64-fedora-clang | 0.1.9 | 46.32 | OK | |||
r-devel-linux-x86_64-fedora-gcc | 0.1.9 | 46.42 | OK | |||
r-devel-windows-x86_64 | 0.1.9 | 4.00 | 54.00 | 58.00 | OK | |
r-patched-linux-x86_64 | 0.1.9 | 3.33 | 25.48 | 28.81 | OK | |
r-release-linux-x86_64 | 0.1.9 | 2.50 | 25.66 | 28.16 | OK | |
r-release-macos-arm64 | 0.1.9 | 22.00 | OK | |||
r-release-macos-x86_64 | 0.1.9 | 41.00 | OK | |||
r-release-windows-x86_64 | 0.1.9 | 4.00 | 57.00 | 61.00 | OK | |
r-oldrel-macos-arm64 | 0.1.9 | 18.00 | OK | |||
r-oldrel-macos-x86_64 | 0.1.9 | 30.00 | OK | |||
r-oldrel-windows-x86_64 | 0.1.9 | 5.00 | 60.00 | 65.00 | OK |
Version: 0.1.9
Check: CRAN incoming feasibility
Result: NOTE
Maintainer: ‘Tim Bergsma <bergsmat@gmail.com>’
No Authors@R field in DESCRIPTION.
Please add one, modifying
Authors@R: person(given = "Tim",
family = "Bergsma",
role = c("aut", "cre"),
email = "bergsmat@gmail.com")
as necessary.
Flavors: r-devel-linux-x86_64-debian-clang, r-devel-linux-x86_64-debian-gcc