Last updated on 2024-05-02 04:00:35 CEST.
Flavor | Version | Tinstall | Tcheck | Ttotal | Status | Flags |
---|---|---|---|---|---|---|
r-devel-linux-x86_64-debian-clang | 0.4.1 | 18.85 | 146.41 | 165.26 | NOTE | |
r-devel-linux-x86_64-debian-gcc | 0.4.1 | 13.75 | 106.40 | 120.15 | NOTE | |
r-devel-linux-x86_64-fedora-clang | 0.4.1 | 200.46 | NOTE | |||
r-devel-linux-x86_64-fedora-gcc | 0.4.1 | 190.15 | NOTE | |||
r-devel-windows-x86_64 | 0.4.1 | 16.00 | 110.00 | 126.00 | NOTE | |
r-patched-linux-x86_64 | 0.4.1 | 24.25 | 137.16 | 161.41 | NOTE | |
r-release-linux-x86_64 | 0.4.1 | 12.59 | 140.07 | 152.66 | NOTE | |
r-release-macos-arm64 | 0.4.1 | 54.00 | NOTE | |||
r-release-windows-x86_64 | 0.4.1 | 14.00 | 110.00 | 124.00 | NOTE | |
r-oldrel-macos-arm64 | 0.4.1 | 60.00 | NOTE | |||
r-oldrel-macos-x86_64 | 0.4.1 | 75.00 | NOTE | |||
r-oldrel-windows-x86_64 | 0.4.1 | 20.00 | 134.00 | 154.00 | NOTE |
Version: 0.4.1
Check: package subdirectories
Result: NOTE
Problems with news in ‘NEWS.md’:
No news entries found.
Flavors: r-devel-linux-x86_64-debian-clang, r-devel-linux-x86_64-debian-gcc, r-devel-linux-x86_64-fedora-clang, r-devel-linux-x86_64-fedora-gcc, r-devel-windows-x86_64, r-patched-linux-x86_64, r-release-linux-x86_64, r-release-macos-arm64, r-release-windows-x86_64, r-oldrel-macos-arm64, r-oldrel-macos-x86_64, r-oldrel-windows-x86_64