Last updated on 2025-07-26 05:48:50 CEST.
Flavor | Version | Tinstall | Tcheck | Ttotal | Status | Flags |
---|---|---|---|---|---|---|
r-devel-linux-x86_64-debian-clang | 0.1.0 | 6.01 | 54.40 | 60.41 | OK | |
r-devel-linux-x86_64-debian-gcc | 0.1.0 | 4.11 | 40.09 | 44.20 | OK | |
r-devel-linux-x86_64-fedora-clang | 0.1.0 | 91.73 | OK | |||
r-devel-linux-x86_64-fedora-gcc | 0.1.0 | 86.24 | OK | |||
r-devel-windows-x86_64 | 0.1.0 | 7.00 | 75.00 | 82.00 | OK | |
r-patched-linux-x86_64 | 0.1.0 | 5.05 | 49.84 | 54.89 | OK | |
r-release-linux-x86_64 | 0.1.0 | 4.92 | 49.78 | 54.70 | OK | |
r-release-macos-arm64 | 0.1.0 | 29.00 | OK | |||
r-release-macos-x86_64 | 0.1.0 | 55.00 | OK | |||
r-release-windows-x86_64 | 0.1.0 | 8.00 | 76.00 | 84.00 | OK | |
r-oldrel-macos-arm64 | 0.1.0 | 28.00 | NOTE | |||
r-oldrel-macos-x86_64 | 0.1.0 | 44.00 | NOTE | |||
r-oldrel-windows-x86_64 | 0.1.0 | 9.00 | 80.00 | 89.00 | NOTE |
Version: 0.1.0
Check: LazyData
Result: NOTE
'LazyData' is specified without a 'data' directory
Flavors: r-oldrel-macos-arm64, r-oldrel-macos-x86_64, r-oldrel-windows-x86_64