Last updated on 2025-07-04 05:49:36 CEST.
Flavor | Version | Tinstall | Tcheck | Ttotal | Status | Flags |
---|---|---|---|---|---|---|
r-devel-linux-x86_64-debian-clang | 4.6.1 | 178.32 | 340.25 | 518.57 | OK | |
r-devel-linux-x86_64-debian-gcc | 4.6.1 | 128.22 | 220.07 | 348.29 | OK | |
r-devel-linux-x86_64-fedora-clang | 4.6.1 | 834.85 | OK | |||
r-devel-linux-x86_64-fedora-gcc | 4.6.1 | 870.56 | OK | |||
r-devel-windows-x86_64 | 4.6.1 | 166.00 | 325.00 | 491.00 | OK | |
r-patched-linux-x86_64 | 4.6.1 | 185.97 | 327.71 | 513.68 | OK | |
r-release-linux-x86_64 | 4.6.1 | 183.67 | 334.29 | 517.96 | OK | |
r-release-macos-arm64 | 4.5.0 | 207.00 | NOTE | |||
r-release-macos-x86_64 | 4.6.1 | 395.00 | OK | |||
r-release-windows-x86_64 | 4.6.1 | 162.00 | 314.00 | 476.00 | OK | |
r-oldrel-macos-arm64 | 4.5.0 | 187.00 | NOTE | |||
r-oldrel-macos-x86_64 | 4.6.1 | 412.00 | NOTE | |||
r-oldrel-windows-x86_64 | 4.6.1 | 221.00 | 438.00 | 659.00 | NOTE |
Version: 4.5.0
Check: compiled code
Result: NOTE
File ‘spaMM/libs/spaMM.so’:
Found non-API call to R: ‘PRVALUE’
Compiled code should not call non-API entry points in R.
See ‘Writing portable packages’ in the ‘Writing R Extensions’ manual,
and section ‘Moving into C API compliance’ for issues with the use of
non-API entry points.
Flavor: r-release-macos-arm64
Version: 4.5.0
Check: installed package size
Result: NOTE
installed size is 39.1Mb
sub-directories of 1Mb or more:
R 3.1Mb
libs 34.7Mb
Flavor: r-oldrel-macos-arm64
Version: 4.6.1
Check: installed package size
Result: NOTE
installed size is 40.0Mb
sub-directories of 1Mb or more:
R 3.1Mb
libs 35.6Mb
Flavors: r-oldrel-macos-x86_64, r-oldrel-windows-x86_64