Last updated on 2025-07-20 05:48:35 CEST.
Flavor | Version | Tinstall | Tcheck | Ttotal | Status | Flags |
---|---|---|---|---|---|---|
r-devel-linux-x86_64-debian-clang | 4.4.2 | 102.00 | 120.25 | 222.25 | OK | --no-vignettes |
r-devel-linux-x86_64-debian-gcc | 4.4.2 | 74.80 | 84.87 | 159.67 | OK | --no-vignettes |
r-devel-linux-x86_64-fedora-clang | 4.4.2 | 341.03 | OK | |||
r-devel-linux-x86_64-fedora-gcc | 4.4.2 | 573.96 | OK | |||
r-devel-windows-x86_64 | 4.4.2 | 102.00 | 165.00 | 267.00 | OK | --no-vignettes |
r-patched-linux-x86_64 | 4.4.2 | 106.83 | 114.37 | 221.20 | OK | --no-vignettes |
r-release-linux-x86_64 | 4.4.2 | 103.28 | 113.88 | 217.16 | OK | --no-vignettes |
r-release-macos-arm64 | 4.4.2 | 186.00 | OK | |||
r-release-macos-x86_64 | 4.4.2 | 756.00 | OK | |||
r-release-windows-x86_64 | 4.4.2 | 104.00 | 160.00 | 264.00 | OK | --no-vignettes |
r-oldrel-macos-arm64 | 4.4.2 | 204.00 | NOTE | |||
r-oldrel-macos-x86_64 | 4.4.2 | 740.00 | NOTE | |||
r-oldrel-windows-x86_64 | 4.4.2 | 125.00 | 195.00 | 320.00 | NOTE | --no-vignettes |
Version: 4.4.2
Check: installed package size
Result: NOTE
installed size is 15.9Mb
sub-directories of 1Mb or more:
data 3.4Mb
libs 11.3Mb
Flavors: r-oldrel-macos-arm64, r-oldrel-macos-x86_64
Version: 4.4.2
Flags: --no-vignettes
Check: installed package size
Result: NOTE
installed size is 6.1Mb
sub-directories of 1Mb or more:
data 2.9Mb
libs 1.8Mb
Flavor: r-oldrel-windows-x86_64