CRAN Package Check Results for Package slim

Last updated on 2025-05-09 04:52:10 CEST.

Flavor Version Tinstall Tcheck Ttotal Status Flags
r-devel-linux-x86_64-debian-clang 0.1.1 2.47 47.90 50.37 NOTE
r-devel-linux-x86_64-debian-gcc 0.1.1 1.82 37.76 39.58 NOTE
r-devel-linux-x86_64-fedora-clang 0.1.1 79.06 NOTE
r-devel-linux-x86_64-fedora-gcc 0.1.1 86.66 NOTE
r-devel-windows-x86_64 0.1.1 3.00 91.00 94.00 NOTE
r-patched-linux-x86_64 0.1.1 2.42 45.52 47.94 NOTE
r-release-linux-x86_64 0.1.1 2.23 45.39 47.62 NOTE
r-release-macos-arm64 0.1.1 38.00 NOTE
r-release-macos-x86_64 0.1.1 81.00 NOTE
r-release-windows-x86_64 0.1.1 4.00 93.00 97.00 NOTE
r-oldrel-macos-arm64 0.1.1 33.00 NOTE
r-oldrel-macos-x86_64 0.1.1 52.00 NOTE
r-oldrel-windows-x86_64 0.1.1 3.00 96.00 99.00 NOTE

Check Details

Version: 0.1.1
Check: Rd files
Result: NOTE checkRd: (-1) fit_slim.Rd:24: Lost braces; missing escapes or markup? 24 | sum(x' V^{-1} (y - x beta)) = 0 as the covariance V tends from V[, , 1] + | ^ Flavors: r-devel-linux-x86_64-debian-clang, r-devel-linux-x86_64-debian-gcc, r-devel-linux-x86_64-fedora-clang, r-devel-linux-x86_64-fedora-gcc, r-devel-windows-x86_64, r-patched-linux-x86_64, r-release-linux-x86_64, r-release-macos-arm64, r-release-macos-x86_64, r-release-windows-x86_64, r-oldrel-macos-arm64, r-oldrel-macos-x86_64, r-oldrel-windows-x86_64