Last updated on 2024-05-02 04:00:35 CEST.
Flavor | Version | Tinstall | Tcheck | Ttotal | Status | Flags |
---|---|---|---|---|---|---|
r-devel-linux-x86_64-debian-clang | 1.4.3 | 9.97 | 105.68 | 115.65 | OK | |
r-devel-linux-x86_64-debian-gcc | 1.4.3 | 9.08 | 83.90 | 92.98 | OK | |
r-devel-linux-x86_64-fedora-clang | 1.4.3 | 161.18 | NOTE | |||
r-devel-linux-x86_64-fedora-gcc | 1.4.3 | 159.43 | NOTE | |||
r-devel-windows-x86_64 | 1.4.3 | 13.00 | 105.00 | 118.00 | OK | |
r-patched-linux-x86_64 | 1.4.3 | 7.80 | 107.31 | 115.11 | OK | |
r-release-linux-x86_64 | 1.4.3 | 6.78 | 100.94 | 107.72 | OK | |
r-release-macos-arm64 | 1.4.3 | 47.00 | OK | |||
r-release-windows-x86_64 | 1.4.3 | 12.00 | 102.00 | 114.00 | OK | |
r-oldrel-macos-arm64 | 1.4.3 | 51.00 | OK | |||
r-oldrel-macos-x86_64 | 1.4.3 | 81.00 | OK | |||
r-oldrel-windows-x86_64 | 1.4.3 | 14.00 | 121.00 | 135.00 | OK |
Version: 1.4.3
Check: dependencies in R code
Result: NOTE
Namespace in Imports field not imported from: ‘maps’
All declared Imports should be used.
Flavors: r-devel-linux-x86_64-fedora-clang, r-devel-linux-x86_64-fedora-gcc