Last updated on 2024-05-01 03:53:51 CEST.
Flavor | Version | Tinstall | Tcheck | Ttotal | Status | Flags |
---|---|---|---|---|---|---|
r-devel-linux-x86_64-debian-clang | 0.3.3 | 116.52 | 127.88 | 244.40 | NOTE | |
r-devel-linux-x86_64-debian-gcc | 0.3.3 | 97.40 | 93.17 | 190.57 | NOTE | |
r-devel-linux-x86_64-fedora-clang | 0.3.3 | 347.40 | NOTE | |||
r-devel-linux-x86_64-fedora-gcc | 0.3.3 | 332.59 | NOTE | |||
r-devel-windows-x86_64 | 0.3.3 | 95.00 | 127.00 | 222.00 | NOTE | |
r-patched-linux-x86_64 | 0.3.3 | 115.47 | 120.97 | 236.44 | NOTE | |
r-release-linux-x86_64 | 0.3.3 | 115.48 | 124.43 | 239.91 | NOTE | |
r-release-macos-arm64 | 0.3.3 | 77.00 | NOTE | |||
r-release-windows-x86_64 | 0.3.3 | 97.00 | 125.00 | 222.00 | NOTE | |
r-oldrel-macos-arm64 | 0.3.3 | 99.00 | NOTE | |||
r-oldrel-macos-x86_64 | 0.3.3 | 149.00 | NOTE | |||
r-oldrel-windows-x86_64 | 0.3.3 | 113.00 | 156.00 | 269.00 | NOTE |
Version: 0.3.3
Check: C++ specification
Result: NOTE
Specified C++11: please drop specification unless essential
Flavors: r-devel-linux-x86_64-debian-clang, r-devel-linux-x86_64-debian-gcc, r-devel-linux-x86_64-fedora-clang, r-devel-linux-x86_64-fedora-gcc, r-devel-windows-x86_64, r-patched-linux-x86_64, r-release-linux-x86_64, r-release-macos-arm64, r-release-windows-x86_64, r-oldrel-macos-arm64, r-oldrel-macos-x86_64, r-oldrel-windows-x86_64
Version: 0.3.3
Check: installed package size
Result: NOTE
installed size is 7.3Mb
sub-directories of 1Mb or more:
libs 7.0Mb
Flavors: r-release-macos-arm64, r-oldrel-macos-arm64, r-oldrel-macos-x86_64