CRAN Package Check Results for Package simmer.plot

Last updated on 2025-05-16 05:49:20 CEST.

Flavor Version Tinstall Tcheck Ttotal Status Flags
r-devel-linux-x86_64-debian-clang 0.1.18 5.59 76.14 81.73 NOTE
r-devel-linux-x86_64-debian-gcc 0.1.18 4.36 54.15 58.51 NOTE
r-devel-linux-x86_64-fedora-clang 0.1.18 130.84 OK
r-devel-linux-x86_64-fedora-gcc 0.1.18 136.35 OK
r-devel-windows-x86_64 0.1.18 9.00 85.00 94.00 NOTE
r-patched-linux-x86_64 0.1.18 6.46 72.41 78.87 NOTE
r-release-linux-x86_64 0.1.18 6.48 71.43 77.91 NOTE
r-release-macos-arm64 0.1.18 44.00 OK
r-release-macos-x86_64 0.1.18 81.00 OK
r-release-windows-x86_64 0.1.18 7.00 88.00 95.00 NOTE
r-oldrel-macos-arm64 0.1.18 43.00 OK
r-oldrel-macos-x86_64 0.1.18 63.00 OK
r-oldrel-windows-x86_64 0.1.18 9.00 106.00 115.00 OK

Check Details

Version: 0.1.18
Check: Rd cross-references
Result: NOTE Found the following Rd file(s) with Rd \link{} targets missing package anchors: plot.trajectory.Rd: grViz, render_graph Please provide package anchors for all Rd \link{} targets not in the package itself and the base packages. Flavors: r-devel-linux-x86_64-debian-clang, r-devel-linux-x86_64-debian-gcc, r-devel-windows-x86_64, r-patched-linux-x86_64, r-release-linux-x86_64, r-release-windows-x86_64