Last updated on 2025-10-15 05:50:16 CEST.
Flavor | Version | Tinstall | Tcheck | Ttotal | Status | Flags |
---|---|---|---|---|---|---|
r-devel-linux-x86_64-debian-clang | 1.1.8 | 4.50 | 56.43 | 60.93 | OK | |
r-devel-linux-x86_64-debian-gcc | 1.1.8 | 2.98 | 40.60 | 43.58 | OK | |
r-devel-linux-x86_64-fedora-clang | 1.1.8 | 94.03 | OK | |||
r-devel-linux-x86_64-fedora-gcc | 1.1.8 | 101.23 | OK | |||
r-devel-windows-x86_64 | 1.1.8 | 6.00 | 319.00 | 325.00 | ERROR | |
r-patched-linux-x86_64 | 1.1.8 | 3.07 | 52.91 | 55.98 | OK | |
r-release-linux-x86_64 | 1.1.8 | 4.27 | 53.05 | 57.32 | OK | |
r-release-macos-arm64 | 1.1.8 | 50.00 | OK | |||
r-release-macos-x86_64 | 1.1.8 | 123.00 | OK | |||
r-release-windows-x86_64 | 1.1.8 | 7.00 | 89.00 | 96.00 | OK | |
r-oldrel-macos-arm64 | 1.1.8 | 56.00 | OK | |||
r-oldrel-macos-x86_64 | 1.1.8 | 94.00 | OK | |||
r-oldrel-windows-x86_64 | 1.1.8 | 8.00 | 114.00 | 122.00 | OK |
Version: 1.1.8
Check: tests
Result: ERROR
Running 'tinytest.R' [245s]
Running the tests in 'tests/tinytest.R' failed.
Complete output:
>
> if (requireNamespace("tinytest", quietly = TRUE)) {
+ tinytest::test_package("simTool")
+ }
test_bind_or_combine.R........ 0 tests
test_bind_or_combine.R........ 1 tests <1b>[0;32mOK<1b>[0m
test_bind_or_combine.R........ 1 tests <1b>[0;32mOK<1b>[0m
test_bind_or_combine.R........ 2 tests <1b>[0;32mOK<1b>[0m
test_bind_or_combine.R........ 2 tests <1b>[0;32mOK<1b>[0m
test_bind_or_combine.R........ 4 tests <1b>[0;32mOK<1b>[0m
test_bind_or_combine.R........ 4 tests <1b>[0;32mOK<1b>[0m
test_bind_or_combine.R........ 5 tests <1b>[0;32mOK<1b>[0m
test_bind_or_combine.R........ 5 tests <1b>[0;32mOK<1b>[0m
test_bind_or_combine.R........ 6 tests <1b>[0;32mOK<1b>[0m <1b>[0;36m78ms<1b>[0m
test_eval_tibbles.R........... 0 tests
test_eval_tibbles.R........... 3 tests <1b>[0;32mOK<1b>[0m
test_eval_tibbles.R........... 3 tests <1b>[0;32mOK<1b>[0m
test_eval_tibbles.R........... 5 tests <1b>[0;32mOK<1b>[0m
test_eval_tibbles.R........... 5 tests <1b>[0;32mOK<1b>[0m
test_eval_tibbles.R........... 6 tests <1b>[0;32mOK<1b>[0m
test_eval_tibbles.R........... 6 tests <1b>[0;32mOK<1b>[0m
test_eval_tibbles.R........... 8 tests <1b>[0;32mOK<1b>[0m
test_eval_tibbles.R........... 8 tests <1b>[0;32mOK<1b>[0m Error in makePSOCKcluster(names = spec, ...) :
Cluster setup failed. 2 of 2 workers failed to connect.
Calls: <Anonymous> ... results_and_data_is_stored -> <Anonymous> -> makePSOCKcluster
Execution halted
Flavor: r-devel-windows-x86_64