Last updated on 2024-05-02 04:00:35 CEST.
Flavor | Version | Tinstall | Tcheck | Ttotal | Status | Flags |
---|---|---|---|---|---|---|
r-devel-linux-x86_64-debian-clang | 0.7.1 | 7.97 | 119.66 | 127.63 | NOTE | |
r-devel-linux-x86_64-debian-gcc | 0.7.1 | 6.32 | 88.43 | 94.75 | NOTE | |
r-devel-linux-x86_64-fedora-clang | 0.7.1 | 159.52 | NOTE | |||
r-devel-linux-x86_64-fedora-gcc | 0.7.1 | 163.51 | NOTE | |||
r-devel-windows-x86_64 | 0.7.1 | 11.00 | 106.00 | 117.00 | NOTE | |
r-patched-linux-x86_64 | 0.7.1 | 6.21 | 112.23 | 118.44 | NOTE | |
r-release-linux-x86_64 | 0.7.1 | 5.24 | 115.26 | 120.50 | NOTE | |
r-release-macos-arm64 | 0.7.1 | 51.00 | NOTE | |||
r-release-windows-x86_64 | 0.7.1 | 11.00 | 106.00 | 117.00 | NOTE | |
r-oldrel-macos-arm64 | 0.7.1 | 59.00 | OK | |||
r-oldrel-macos-x86_64 | 0.7.1 | 93.00 | OK | |||
r-oldrel-windows-x86_64 | 0.7.1 | 12.00 | 126.00 | 138.00 | OK |
Version: 0.7.1
Check: Rd files
Result: NOTE
checkRd: (-1) inlandwaters.Rd:14: Lost braces in \itemize; meant \describe ?
checkRd: (-1) inlandwaters.Rd:15: Lost braces in \itemize; meant \describe ?
checkRd: (-1) inlandwaters.Rd:16: Lost braces in \itemize; meant \describe ?
checkRd: (-1) inlandwaters.Rd:17: Lost braces in \itemize; meant \describe ?
checkRd: (-1) inlandwaters.Rd:18: Lost braces in \itemize; meant \describe ?
checkRd: (-1) inlandwaters.Rd:19: Lost braces in \itemize; meant \describe ?
Flavors: r-devel-linux-x86_64-debian-clang, r-devel-linux-x86_64-debian-gcc, r-devel-linux-x86_64-fedora-clang, r-devel-linux-x86_64-fedora-gcc, r-devel-windows-x86_64, r-patched-linux-x86_64, r-release-linux-x86_64, r-release-macos-arm64, r-release-windows-x86_64