Last updated on 2025-07-03 04:51:09 CEST.
Flavor | Version | Tinstall | Tcheck | Ttotal | Status | Flags |
---|---|---|---|---|---|---|
r-devel-linux-x86_64-debian-clang | 1.0 | 3.39 | 75.19 | 78.58 | NOTE | |
r-devel-linux-x86_64-debian-gcc | 1.0 | 2.22 | 49.33 | 51.55 | NOTE | |
r-devel-linux-x86_64-fedora-clang | 1.0 | 124.41 | OK | |||
r-devel-linux-x86_64-fedora-gcc | 1.0 | 113.70 | OK | |||
r-devel-windows-x86_64 | 1.0 | 5.00 | 86.00 | 91.00 | OK | |
r-patched-linux-x86_64 | 1.0 | 3.11 | 70.93 | 74.04 | OK | |
r-release-linux-x86_64 | 1.0 | 3.34 | 71.18 | 74.52 | OK | |
r-release-macos-arm64 | 1.0 | 39.00 | OK | |||
r-release-macos-x86_64 | 1.0 | 89.00 | OK | |||
r-release-windows-x86_64 | 1.0 | 6.00 | 86.00 | 92.00 | OK | |
r-oldrel-macos-arm64 | 1.0 | 32.00 | OK | |||
r-oldrel-macos-x86_64 | 1.0 | 59.00 | OK | |||
r-oldrel-windows-x86_64 | 1.0 | 5.00 | 111.00 | 116.00 | OK |
Version: 1.0
Check: CRAN incoming feasibility
Result: NOTE
Maintainer: ‘Melina Gallopin <melina.gallopin@gmail.com>’
No Authors@R field in DESCRIPTION.
Please add one, modifying
Authors@R: c(person(given = "Emilie",
family = "Devijver",
role = "aut"),
person(given = "Melina",
family = "Gallopin",
role = c("aut", "cre"),
email = "melina.gallopin@gmail.com"))
as necessary.
Flavors: r-devel-linux-x86_64-debian-clang, r-devel-linux-x86_64-debian-gcc